CRAN Package Check Results for Package liger

Last updated on 2019-10-23 00:47:54 CEST.

Flavor Version Tinstall Tcheck Ttotal Status Flags
r-devel-linux-x86_64-debian-clang 1.0 29.34 81.18 110.52 OK
r-devel-linux-x86_64-debian-gcc 1.0 23.03 65.19 88.22 OK
r-devel-linux-x86_64-fedora-clang 1.0 146.67 NOTE
r-devel-linux-x86_64-fedora-gcc 1.0 137.94 OK
r-devel-windows-ix86+x86_64 1.0 53.00 168.00 221.00 NOTE
r-patched-linux-x86_64 1.0 25.44 81.29 106.73 OK
r-patched-solaris-x86 1.0 172.20 OK
r-release-linux-x86_64 1.0 25.76 81.37 107.13 OK
r-release-windows-ix86+x86_64 1.0 74.00 126.00 200.00 NOTE
r-release-osx-x86_64 1.0 NOTE
r-oldrel-windows-ix86+x86_64 1.0 67.00 173.00 240.00 NOTE
r-oldrel-osx-x86_64 1.0 NOTE

Check Details

Version: 1.0
Check: installed package size
Result: NOTE
     installed size is 5.4Mb
     sub-directories of 1Mb or more:
     data 3.3Mb
     doc 1.2Mb
Flavors: r-devel-linux-x86_64-fedora-clang, r-devel-windows-ix86+x86_64, r-release-windows-ix86+x86_64, r-release-osx-x86_64, r-oldrel-windows-ix86+x86_64, r-oldrel-osx-x86_64