CRAN Package Check Results for Package liger

Last updated on 2019-07-16 00:48:13 CEST.

Flavor Version Tinstall Tcheck Ttotal Status Flags
r-devel-linux-x86_64-debian-clang 1.0 27.82 81.50 109.32 OK
r-devel-linux-x86_64-debian-gcc 1.0 22.15 64.91 87.06 OK
r-devel-linux-x86_64-fedora-clang 1.0 142.20 NOTE
r-devel-linux-x86_64-fedora-gcc 1.0 136.95 OK
r-devel-windows-ix86+x86_64 1.0 67.00 122.00 189.00 NOTE
r-patched-linux-x86_64 1.0 25.16 81.02 106.18 OK
r-patched-solaris-x86 1.0 178.30 OK
r-release-linux-x86_64 1.0 23.59 80.58 104.17 OK
r-release-windows-ix86+x86_64 1.0 55.00 182.00 237.00 NOTE
r-release-osx-x86_64 1.0 NOTE
r-oldrel-windows-ix86+x86_64 1.0 62.00 115.00 177.00 NOTE
r-oldrel-osx-x86_64 1.0 NOTE

Check Details

Version: 1.0
Check: installed package size
Result: NOTE
     installed size is 5.3Mb
     sub-directories of 1Mb or more:
     data 3.3Mb
     doc 1.2Mb
Flavors: r-devel-linux-x86_64-fedora-clang, r-devel-windows-ix86+x86_64, r-release-windows-ix86+x86_64, r-release-osx-x86_64, r-oldrel-windows-ix86+x86_64, r-oldrel-osx-x86_64