CRAN Package Check Results for Package lime

Last updated on 2020-02-24 00:48:43 CET.

Flavor Version Tinstall Tcheck Ttotal Status Flags
r-devel-linux-x86_64-debian-clang 0.5.1 46.57 201.49 248.06 OK
r-devel-linux-x86_64-debian-gcc 0.5.1 OK
r-devel-linux-x86_64-fedora-clang 0.5.1 303.98 OK
r-devel-linux-x86_64-fedora-gcc 0.5.1 230.56 OK
r-devel-windows-ix86+x86_64 0.5.1 86.00 443.00 529.00 OK
r-devel-windows-ix86+x86_64-gcc8 0.5.1 126.00 594.00 720.00 OK
r-patched-linux-x86_64 0.5.1 OK
r-patched-solaris-x86 0.5.1 1043.80 ERROR
r-release-linux-x86_64 0.5.1 34.42 227.20 261.62 OK
r-release-windows-ix86+x86_64 0.5.1 82.00 450.00 532.00 OK
r-release-osx-x86_64 0.5.1 WARN
r-oldrel-windows-ix86+x86_64 0.5.1 73.00 455.00 528.00 WARN
r-oldrel-osx-x86_64 0.5.1 WARN

Check Details

Version: 0.5.1
Check: examples
Result: ERROR
    Running examples in ‘lime-Ex.R’ failed
    The error most likely occurred in:
    
    > ### Name: plot_superpixels
    > ### Title: Test super pixel segmentation
    > ### Aliases: plot_superpixels
    >
    > ### ** Examples
    >
    > image <- system.file('extdata', 'produce.png', package = 'lime')
    >
    > # plot with default settings
    > plot_superpixels(image)
    
     *** caught segfault ***
    address 2c, cause 'memory not mapped'
    
    Traceback:
     1: magick_image_convolve_kernel(image, kernel, iterations, scaling, bias)
     2: magick::image_convolve(contour, "Laplacian")
     3: plot_superpixels(image)
    An irrecoverable exception occurred. R is aborting now ...
Flavor: r-patched-solaris-x86

Version: 0.5.1
Check: re-building of vignette outputs
Result: WARN
    Error(s) in re-building vignettes:
     ...
    --- re-building ‘Understanding_lime.Rmd’ using rmarkdown
    Warning in engine$weave(file, quiet = quiet, encoding = enc) :
     Pandoc (>= 1.12.3) and/or pandoc-citeproc not available. Falling back to R Markdown v1.
    Quitting from lines 262-263 (Understanding_lime.Rmd)
    Error: processing vignette 'Understanding_lime.Rmd' failed with diagnostics:
    there is no package called 'webshot'
    --- failed re-building ‘Understanding_lime.Rmd’
    
    SUMMARY: processing the following file failed:
     ‘Understanding_lime.Rmd’
    
    Error: Vignette re-building failed.
    Execution halted
Flavor: r-patched-solaris-x86

Version: 0.5.1
Check: re-building of vignette outputs
Result: WARN
    Error(s) in re-building vignettes:
     ...
    --- re-building ‘Understanding_lime.Rmd’ using rmarkdown
    Warning in engine$weave(file, quiet = quiet, encoding = enc) :
     Pandoc (>= 1.12.3) and/or pandoc-citeproc not available. Falling back to R Markdown v1.
    Quitting from lines 262-263 (Understanding_lime.Rmd)
    Error: processing vignette 'Understanding_lime.Rmd' failed with diagnostics:
    cannot open the connection
    --- failed re-building ‘Understanding_lime.Rmd’
    
    SUMMARY: processing the following file failed:
     ‘Understanding_lime.Rmd’
    
    Error: Vignette re-building failed.
    Execution halted
Flavor: r-release-osx-x86_64

Version: 0.5.1
Check: whether package can be installed
Result: WARN
    Found the following significant warnings:
     Warning: S3 methods '[.fun_list', '[.grouped_df', 'all.equal.tbl_df', 'anti_join.data.frame', 'anti_join.tbl_df', 'arrange.data.frame', 'arrange.default', 'arrange.grouped_df', 'arrange.tbl_df', 'arrange_.data.frame', 'arrange_.tbl_df', 'as.data.frame.grouped_df', 'as.data.frame.rowwise_df', 'as.data.frame.tbl_cube', 'as.table.tbl_cube', 'as.tbl.data.frame', 'as.tbl.tbl', 'as.tbl_cube.array', 'as.tbl_cube.data.frame', 'as.tbl_cube.matrix', 'as.tbl_cube.table', 'as_tibble.grouped_df', 'as_tibble.tbl_cube', 'auto_copy.tbl_cube', 'auto_copy.tbl_df', 'cbind.grouped_df', 'collapse.data.frame', 'collect.data.frame', 'common_by.NULL', 'common_by.character', 'common_by.default', 'common_by.list', 'compute.data.frame', 'copy_to.DBIConnection', 'copy_to.src_local', 'default_missing.data.frame', 'default_missing.default', 'dim.tbl_cube', 'distinct.data.frame', 'distinct.default', 'distinct.grouped_df', 'distinct.tbl_df', 'distinct_.data.frame', 'distinct_.grouped_df', 'distinct_.tbl_df', 'do.NULL', 'do.da [... truncated]
Flavor: r-oldrel-windows-ix86+x86_64

Version: 0.5.1
Check: re-building of vignette outputs
Result: WARN
    Error in re-building vignettes:
     ...
    Warning in engine$weave(file, quiet = quiet, encoding = enc) :
     Pandoc (>= 1.12.3) and/or pandoc-citeproc not available. Falling back to R Markdown v1.
    Quitting from lines 262-263 (Understanding_lime.Rmd)
    Error: processing vignette 'Understanding_lime.Rmd' failed with diagnostics:
    cannot open the connection
    Execution halted
Flavor: r-oldrel-osx-x86_64