CRAN Package Check Results for Package lingtypology

Last updated on 2019-11-12 00:52:46 CET.

Flavor Version Tinstall Tcheck Ttotal Status Flags
r-devel-linux-x86_64-debian-clang 1.0.14 8.05 73.73 81.78 OK
r-devel-linux-x86_64-debian-gcc 1.0.14 7.08 56.39 63.47 OK
r-devel-linux-x86_64-fedora-clang 1.0.14 98.76 NOTE
r-devel-linux-x86_64-fedora-gcc 1.0.14 96.35 NOTE
r-devel-windows-ix86+x86_64 1.0.14 18.00 104.00 122.00 OK
r-patched-linux-x86_64 1.0.14 8.41 68.58 76.99 OK
r-patched-solaris-x86 1.0.14 133.90 NOTE
r-release-linux-x86_64 1.0.14 7.14 68.24 75.38 OK
r-release-windows-ix86+x86_64 1.0.14 28.00 137.00 165.00 OK
r-release-osx-x86_64 1.0.14 NOTE
r-oldrel-windows-ix86+x86_64 1.0.14 17.00 106.00 123.00 OK
r-oldrel-osx-x86_64 1.0.14 NOTE

Check Details

Version: 1.0.14
Check: data for non-ASCII characters
Result: NOTE
     Note: found 129 marked UTF-8 strings
Flavors: r-devel-linux-x86_64-fedora-clang, r-devel-linux-x86_64-fedora-gcc, r-patched-solaris-x86, r-release-osx-x86_64, r-oldrel-osx-x86_64