CRAN Package Check Results for Package lingtypology

Last updated on 2019-07-16 00:48:13 CEST.

Flavor Version Tinstall Tcheck Ttotal Status Flags
r-devel-linux-x86_64-debian-clang 1.0.13 7.19 76.54 83.73 OK
r-devel-linux-x86_64-debian-gcc 1.0.13 6.76 59.36 66.12 OK
r-devel-linux-x86_64-fedora-clang 1.0.13 104.24 NOTE
r-devel-linux-x86_64-fedora-gcc 1.0.13 97.20 NOTE
r-devel-windows-ix86+x86_64 1.0.13 22.00 150.00 172.00 OK
r-patched-linux-x86_64 1.0.13 7.85 72.80 80.65 OK
r-patched-solaris-x86 1.0.13 161.30 NOTE
r-release-linux-x86_64 1.0.13 7.45 72.58 80.03 OK
r-release-windows-ix86+x86_64 1.0.13 16.00 154.00 170.00 OK
r-release-osx-x86_64 1.0.13 NOTE
r-oldrel-windows-ix86+x86_64 1.0.13 18.00 98.00 116.00 OK
r-oldrel-osx-x86_64 1.0.13 NOTE

Check Details

Version: 1.0.13
Check: data for non-ASCII characters
Result: NOTE
     Note: found 120 marked UTF-8 strings
Flavors: r-devel-linux-x86_64-fedora-clang, r-devel-linux-x86_64-fedora-gcc, r-patched-solaris-x86, r-release-osx-x86_64, r-oldrel-osx-x86_64