CRAN Package Check Results for Package lingtypology

Last updated on 2019-05-21 00:52:11 CEST.

Flavor Version Tinstall Tcheck Ttotal Status Flags
r-devel-linux-x86_64-debian-clang 1.0.13 7.71 76.60 84.31 OK
r-devel-linux-x86_64-debian-gcc 1.0.13 6.69 59.84 66.53 OK
r-devel-linux-x86_64-fedora-clang 1.0.13 100.68 NOTE
r-devel-linux-x86_64-fedora-gcc 1.0.13 95.67 NOTE
r-devel-windows-ix86+x86_64 1.0.13 25.00 133.00 158.00 OK
r-patched-linux-x86_64 1.0.13 7.20 73.26 80.46 OK
r-patched-solaris-x86 1.0.13 142.70 NOTE
r-release-linux-x86_64 1.0.13 7.46 73.85 81.31 OK
r-release-windows-ix86+x86_64 1.0.13 24.00 136.00 160.00 OK
r-release-osx-x86_64 1.0.13 NOTE
r-oldrel-windows-ix86+x86_64 1.0.13 10.00 73.00 83.00 OK
r-oldrel-osx-x86_64 1.0.13 NOTE

Check Details

Version: 1.0.13
Check: data for non-ASCII characters
Result: NOTE
     Note: found 120 marked UTF-8 strings
Flavors: r-devel-linux-x86_64-fedora-clang, r-devel-linux-x86_64-fedora-gcc, r-patched-solaris-x86, r-release-osx-x86_64, r-oldrel-osx-x86_64