CRAN Package Check Results for Package llama

Last updated on 2019-09-16 00:47:44 CEST.

Flavor Version Tinstall Tcheck Ttotal Status Flags
r-devel-linux-x86_64-debian-clang 0.9.2 12.10 110.44 122.54 OK
r-devel-linux-x86_64-debian-gcc 0.9.2 10.14 84.05 94.19 OK
r-devel-linux-x86_64-fedora-clang 0.9.2 144.47 OK
r-devel-linux-x86_64-fedora-gcc 0.9.2 144.67 OK
r-devel-windows-ix86+x86_64 0.9.2 29.00 7.00 36.00 ERROR
r-patched-linux-x86_64 0.9.2 11.37 108.01 119.38 OK
r-patched-solaris-x86 0.9.2 201.70 OK
r-release-linux-x86_64 0.9.2 10.85 106.12 116.97 OK
r-release-windows-ix86+x86_64 0.9.2 27.00 174.00 201.00 OK
r-release-osx-x86_64 0.9.2 OK
r-oldrel-windows-ix86+x86_64 0.9.2 22.00 114.00 136.00 OK
r-oldrel-osx-x86_64 0.9.2 OK

Check Details

Version: 0.9.2
Check: whether package can be installed
Result: ERROR
    Installation failed.
Flavor: r-devel-windows-ix86+x86_64