CRAN Package Check Results for Package lllcrc

Last updated on 2019-11-12 00:52:46 CET.

Flavor Version Tinstall Tcheck Ttotal Status Flags
r-devel-linux-x86_64-debian-clang 1.2 5.74 57.13 62.87 NOTE
r-devel-linux-x86_64-debian-gcc 1.2 4.87 42.15 47.02 NOTE
r-devel-linux-x86_64-fedora-clang 1.2 72.21 NOTE
r-devel-linux-x86_64-fedora-gcc 1.2 70.02 NOTE
r-devel-windows-ix86+x86_64 1.2 12.00 65.00 77.00 NOTE
r-patched-linux-x86_64 1.2 5.31 52.90 58.21 NOTE
r-patched-solaris-x86 1.2 94.10 NOTE
r-release-linux-x86_64 1.2 5.70 51.88 57.58 NOTE
r-release-windows-ix86+x86_64 1.2 14.00 64.00 78.00 NOTE
r-release-osx-x86_64 1.2 NOTE
r-oldrel-windows-ix86+x86_64 1.2 10.00 82.00 92.00 NOTE
r-oldrel-osx-x86_64 1.2 NOTE

Check Details

Version: 1.2
Check: R code for possible problems
Result: NOTE
    age.sex.zip: no visible global function definition for 'rnorm'
    age.sex.zip: no visible global function definition for 'runif'
    captures: no visible global function definition for 'rbinom'
    extract.CI: no visible binding for global variable 'quantile'
    flat.IC: no visible binding for global variable 'dt'
    french.1: no visible global function definition for 'rbinom'
    lllcrc: no visible binding for global variable 'dt'
    one.llm.sim: no visible global function definition for 'rmultinom'
    plot.lllcrc: no visible binding for global variable 'quantile'
    plot.lllcrc: no visible global function definition for 'lines'
    plot.lllcrc: no visible global function definition for 'text'
    plot.lllcrc: no visible global function definition for 'mtext'
    plot.llsim: no visible global function definition for 'abline'
    plot.llsim: no visible global function definition for 'quantile'
    plot.llsim: no visible global function definition for 'segments'
    plot.llsim: no visible global function definition for 'points'
    plot.llsim: no visible global function definition for 'text'
    plot.vgam.crc: no visible binding for global variable 'quantile'
    plot.vgam.crc: no visible global function definition for 'lines'
    plot.vgam.crc: no visible global function definition for 'text'
    plot.vgam.crc: no visible global function definition for 'mtext'
    resample.captures: no visible global function definition for 'rbinom'
    summary.lllcrc: no visible global function definition for 'quantile'
    summary.vgam.crc: no visible global function definition for 'quantile'
    vgam.crc: no visible binding for global variable 'dt'
    y.string.to.y.glm: no visible global function definition for 'xtabs'
    zero.inflate: no visible global function definition for 'optimize'
    zglm: no visible global function definition for 'optim'
    Undefined global functions or variables:
     abline dt lines mtext optim optimize points quantile rbinom rmultinom
     rnorm runif segments text xtabs
    Consider adding
     importFrom("graphics", "abline", "lines", "mtext", "points",
     "segments", "text")
     importFrom("stats", "dt", "optim", "optimize", "quantile", "rbinom",
     "rmultinom", "rnorm", "runif", "xtabs")
    to your NAMESPACE file.
Flavors: r-devel-linux-x86_64-debian-clang, r-devel-linux-x86_64-debian-gcc, r-devel-linux-x86_64-fedora-clang, r-devel-linux-x86_64-fedora-gcc, r-devel-windows-ix86+x86_64, r-patched-linux-x86_64, r-patched-solaris-x86, r-release-linux-x86_64, r-release-windows-ix86+x86_64, r-release-osx-x86_64, r-oldrel-windows-ix86+x86_64, r-oldrel-osx-x86_64