CRAN Package Check Results for Package lmQCM

Last updated on 2019-07-16 00:48:13 CEST.

Flavor Version Tinstall Tcheck Ttotal Status Flags
r-devel-linux-x86_64-debian-clang 0.2.1 14.54 146.69 161.23 OK
r-devel-linux-x86_64-debian-gcc 0.2.1 13.85 115.01 128.86 OK
r-devel-linux-x86_64-fedora-clang 0.2.1 207.35 OK
r-devel-linux-x86_64-fedora-gcc 0.2.1 193.28 OK
r-devel-windows-ix86+x86_64 0.2.1 46.00 133.00 179.00 OK
r-patched-linux-x86_64 0.2.1 15.42 142.93 158.35 OK
r-patched-solaris-x86 0.2.1 296.30 OK
r-release-linux-x86_64 0.2.1 17.19 140.56 157.75 OK
r-release-windows-ix86+x86_64 0.2.1 31.00 216.00 247.00 OK
r-release-osx-x86_64 0.2.1 ERROR
r-oldrel-windows-ix86+x86_64 0.2.1 27.00 183.00 210.00 OK
r-oldrel-osx-x86_64 0.2.1 OK

Check Details

Version: 0.2.1
Check: package dependencies
Result: ERROR
    Packages required but not available: 'genefilter', 'Biobase'
    
    See section ‘The DESCRIPTION file’ in the ‘Writing R Extensions’
    manual.
Flavor: r-release-osx-x86_64