CRAN Package Check Results for Package lmmpar

Last updated on 2019-12-16 00:48:59 CET.

Flavor Version Tinstall Tcheck Ttotal Status Flags
r-devel-linux-x86_64-debian-clang 0.1.0 2.11 30.10 32.21 OK
r-devel-linux-x86_64-debian-gcc 0.1.0 1.75 23.51 25.26 OK
r-devel-linux-x86_64-fedora-clang 0.1.0 39.00 NOTE
r-devel-linux-x86_64-fedora-gcc 0.1.0 37.02 NOTE
r-devel-windows-ix86+x86_64 0.1.0 5.00 61.00 66.00 OK
r-devel-windows-ix86+x86_64-gcc8 0.1.0 5.00 70.00 75.00 OK
r-patched-linux-x86_64 0.1.0 1.55 27.16 28.71 OK
r-patched-solaris-x86 0.1.0 52.30 NOTE
r-release-linux-x86_64 0.1.0 1.53 26.86 28.39 OK
r-release-windows-ix86+x86_64 0.1.0 4.00 37.00 41.00 OK
r-release-osx-x86_64 0.1.0 NOTE
r-oldrel-windows-ix86+x86_64 0.1.0 2.00 39.00 41.00 OK
r-oldrel-osx-x86_64 0.1.0 NOTE

Check Details

Version: 0.1.0
Check: dependencies in R code
Result: NOTE
    Namespace in Imports field not imported from: ‘mnormt’
     All declared Imports should be used.
Flavors: r-devel-linux-x86_64-fedora-clang, r-devel-linux-x86_64-fedora-gcc, r-patched-solaris-x86, r-release-osx-x86_64, r-oldrel-osx-x86_64