CRAN Package Check Results for Package ltsa

Last updated on 2019-06-18 00:51:43 CEST.

Flavor Version Tinstall Tcheck Ttotal Status Flags
r-devel-linux-x86_64-debian-clang 1.4.6 4.67 26.71 31.38 OK
r-devel-linux-x86_64-debian-gcc 1.4.6 2.90 21.13 24.03 OK
r-devel-linux-x86_64-fedora-clang 1.4.6 36.89 NOTE
r-devel-linux-x86_64-fedora-gcc 1.4.6 35.87 NOTE
r-devel-windows-ix86+x86_64 1.4.6 18.00 49.00 67.00 OK
r-patched-linux-x86_64 1.4.6 3.71 26.82 30.53 OK
r-patched-solaris-x86 1.4.6 54.00 OK
r-release-linux-x86_64 1.4.6 3.89 27.00 30.89 OK
r-release-windows-ix86+x86_64 1.4.6 26.00 61.00 87.00 OK
r-release-osx-x86_64 1.4.6 OK
r-oldrel-windows-ix86+x86_64 1.4.6 15.00 44.00 59.00 OK
r-oldrel-osx-x86_64 1.4.6 OK

Check Details

Version: 1.4.6
Check: compiled code
Result: NOTE
    File ‘ltsa/libs/ltsa.so’:
     Found no calls to: ‘R_registerRoutines’, ‘R_useDynamicSymbols’
    
    It is good practice to register native routines and to disable symbol
    search.
    
    See ‘Writing portable packages’ in the ‘Writing R Extensions’ manual.
Flavors: r-devel-linux-x86_64-fedora-clang, r-devel-linux-x86_64-fedora-gcc