CRAN Package Check Results for Package ltsa

Last updated on 2019-09-17 00:49:18 CEST.

Flavor Version Tinstall Tcheck Ttotal Status Flags
r-devel-linux-x86_64-debian-clang 1.4.6 4.81 26.36 31.17 OK
r-devel-linux-x86_64-debian-gcc 1.4.6 OK
r-devel-linux-x86_64-fedora-clang 1.4.6 39.40 NOTE
r-devel-linux-x86_64-fedora-gcc 1.4.6 37.22 NOTE
r-devel-windows-ix86+x86_64 1.4.6 29.00 48.00 77.00 OK
r-patched-linux-x86_64 1.4.6 3.38 26.44 29.82 OK
r-patched-solaris-x86 1.4.6 52.60 OK
r-release-linux-x86_64 1.4.6 3.32 27.07 30.39 OK
r-release-windows-ix86+x86_64 1.4.6 26.00 61.00 87.00 OK
r-release-osx-x86_64 1.4.6 OK
r-oldrel-windows-ix86+x86_64 1.4.6 15.00 44.00 59.00 OK
r-oldrel-osx-x86_64 1.4.6 OK

Check Details

Version: 1.4.6
Check: compiled code
Result: NOTE
    File ‘ltsa/libs/ltsa.so’:
     Found no calls to: ‘R_registerRoutines’, ‘R_useDynamicSymbols’
    
    It is good practice to register native routines and to disable symbol
    search.
    
    See ‘Writing portable packages’ in the ‘Writing R Extensions’ manual.
Flavors: r-devel-linux-x86_64-fedora-clang, r-devel-linux-x86_64-fedora-gcc