CRAN Package Check Results for Package mExplorer

Last updated on 2019-09-21 00:52:45 CEST.

Flavor Version Tinstall Tcheck Ttotal Status Flags
r-devel-linux-x86_64-debian-clang 1.0.0 2.08 24.61 26.69 OK
r-devel-linux-x86_64-debian-gcc 1.0.0 1.63 19.98 21.61 OK
r-devel-linux-x86_64-fedora-clang 1.0.0 32.99 OK
r-devel-linux-x86_64-fedora-gcc 1.0.0 32.49 OK
r-devel-windows-ix86+x86_64 1.0.0 8.00 38.00 46.00 OK
r-patched-linux-x86_64 1.0.0 1.26 24.35 25.61 OK
r-patched-solaris-x86 1.0.0 50.00 OK
r-release-linux-x86_64 1.0.0 1.79 24.48 26.27 OK
r-release-windows-ix86+x86_64 1.0.0 7.00 51.00 58.00 OK
r-release-osx-x86_64 1.0.0 ERROR
r-oldrel-windows-ix86+x86_64 1.0.0 3.00 55.00 58.00 OK
r-oldrel-osx-x86_64 1.0.0 OK

Check Details

Version: 1.0.0
Check: package dependencies
Result: ERROR
    Package required but not available: ‘qusage’
    
    See section ‘The DESCRIPTION file’ in the ‘Writing R Extensions’
    manual.
Flavor: r-release-osx-x86_64