CRAN Package Check Results for Package mRm

Last updated on 2019-09-17 00:49:19 CEST.

Flavor Version Tinstall Tcheck Ttotal Status Flags
r-devel-linux-x86_64-debian-clang 1.1.6 14.79 18.51 33.30 OK
r-devel-linux-x86_64-debian-gcc 1.1.6 OK
r-devel-linux-x86_64-fedora-clang 1.1.6 47.39 WARN
r-devel-linux-x86_64-fedora-gcc 1.1.6 42.72 NOTE
r-devel-windows-ix86+x86_64 1.1.6 38.00 44.00 82.00 OK
r-patched-linux-x86_64 1.1.6 10.96 18.07 29.03 OK
r-patched-solaris-x86 1.1.6 67.60 OK
r-release-linux-x86_64 1.1.6 10.93 18.95 29.88 OK
r-release-windows-ix86+x86_64 1.1.6 26.00 63.00 89.00 OK
r-release-osx-x86_64 1.1.6 OK
r-oldrel-windows-ix86+x86_64 1.1.6 26.00 45.00 71.00 OK
r-oldrel-osx-x86_64 1.1.6 OK

Check Details

Version: 1.1.6
Check: whether package can be installed
Result: WARN
    Found the following significant warnings:
     ./matrix.h:4365:3: warning: 'bind1st<std::__1::minus<double>, double>' is deprecated [-Wdeprecated-declarations]
     ./matrix.h:4365:3: warning: 'bind2nd<std::__1::minus<double>, double>' is deprecated [-Wdeprecated-declarations]
     ./matrix.h:4330:3: warning: 'bind1st<std::__1::plus<double>, double>' is deprecated [-Wdeprecated-declarations]
     ./matrix.h:4330:3: warning: 'bind2nd<std::__1::plus<double>, double>' is deprecated [-Wdeprecated-declarations]
     ./matrix.h:4436:3: warning: 'bind1st<std::__1::divides<double>, double>' is deprecated [-Wdeprecated-declarations]
     ./matrix.h:4436:3: warning: 'bind2nd<std::__1::divides<double>, double>' is deprecated [-Wdeprecated-declarations]
     ./matrix.h:4401:3: warning: 'bind1st<std::__1::multiplies<double>, double>' is deprecated [-Wdeprecated-declarations]
     ./matrix.h:4401:3: warning: 'bind2nd<std::__1::multiplies<double>, double>' is deprecated [-Wdeprecated-declarations]
     ./matrix.h:4690:3: warning: 'bind1st<std::__1::equal_to<double>, double>' is deprecated [-Wdeprecated-declarations]
     ./matrix.h:4690:3: warning: 'bind2nd<std::__1::equal_to<double>, double>' is deprecated [-Wdeprecated-declarations]
     ./smath.h:762:3: warning: 'ptr_fun<double, double, double>' is deprecated [-Wdeprecated-declarations]
     ./smath.h:762:3: warning: 'bind1st<std::__1::pointer_to_binary_function<double, double, double>, double>' is deprecated [-Wdeprecated-declarations]
     ./smath.h:762:3: warning: 'bind2nd<std::__1::pointer_to_binary_function<double, double, double>, double>' is deprecated [-Wdeprecated-declarations]
Flavor: r-devel-linux-x86_64-fedora-clang

Version: 1.1.6
Check: compiled code
Result: NOTE
    File ‘mRm/libs/mRm.so’:
     Found no calls to: ‘R_registerRoutines’, ‘R_useDynamicSymbols’
    
    It is good practice to register native routines and to disable symbol
    search.
    
    See ‘Writing portable packages’ in the ‘Writing R Extensions’ manual.
Flavors: r-devel-linux-x86_64-fedora-clang, r-devel-linux-x86_64-fedora-gcc