CRAN Package Check Results for Package mRm

Last updated on 2019-06-18 00:51:45 CEST.

Flavor Version Tinstall Tcheck Ttotal Status Flags
r-devel-linux-x86_64-debian-clang 1.1.6 13.88 18.73 32.61 OK
r-devel-linux-x86_64-debian-gcc 1.1.6 10.11 14.89 25.00 OK
r-devel-linux-x86_64-fedora-clang 1.1.6 47.48 NOTE
r-devel-linux-x86_64-fedora-gcc 1.1.6 38.65 NOTE
r-devel-windows-ix86+x86_64 1.1.6 27.00 46.00 73.00 OK
r-patched-linux-x86_64 1.1.6 12.09 18.22 30.31 OK
r-patched-solaris-x86 1.1.6 69.00 OK
r-release-linux-x86_64 1.1.6 11.63 18.57 30.20 OK
r-release-windows-ix86+x86_64 1.1.6 26.00 63.00 89.00 OK
r-release-osx-x86_64 1.1.6 OK
r-oldrel-windows-ix86+x86_64 1.1.6 26.00 45.00 71.00 OK
r-oldrel-osx-x86_64 1.1.6 OK

Check Details

Version: 1.1.6
Check: compiled code
Result: NOTE
    File ‘mRm/libs/mRm.so’:
     Found no calls to: ‘R_registerRoutines’, ‘R_useDynamicSymbols’
    
    It is good practice to register native routines and to disable symbol
    search.
    
    See ‘Writing portable packages’ in the ‘Writing R Extensions’ manual.
Flavors: r-devel-linux-x86_64-fedora-clang, r-devel-linux-x86_64-fedora-gcc