CRAN Package Check Results for Package magick

Last updated on 2019-06-25 00:52:21 CEST.

Flavor Version Tinstall Tcheck Ttotal Status Flags
r-devel-linux-x86_64-debian-clang 2.0 116.43 146.29 262.72 NOTE
r-devel-linux-x86_64-debian-gcc 2.0 88.96 110.27 199.23 NOTE
r-devel-linux-x86_64-fedora-clang 2.0 431.06 NOTE
r-devel-linux-x86_64-fedora-gcc 2.0 398.02 NOTE
r-devel-windows-ix86+x86_64 2.0 470.00 319.00 789.00 NOTE
r-patched-linux-x86_64 2.0 109.92 135.42 245.34 OK
r-patched-solaris-x86 2.0 WARN
r-release-linux-x86_64 2.0 107.12 133.72 240.84 OK
r-release-windows-ix86+x86_64 2.0 307.00 437.00 744.00 NOTE
r-release-osx-x86_64 2.0 NOTE
r-oldrel-windows-ix86+x86_64 2.0 260.00 307.00 567.00 NOTE
r-oldrel-osx-x86_64 2.0 NOTE

Check Details

Version: 2.0
Check: for non-standard things in the check directory
Result: NOTE
    Found the following files/directories:
     'example.webp' 'output.png'
Flavors: r-devel-linux-x86_64-debian-clang, r-devel-linux-x86_64-debian-gcc, r-devel-linux-x86_64-fedora-clang, r-devel-linux-x86_64-fedora-gcc

Version: 2.0
Check: installed package size
Result: NOTE
     installed size is 12.6Mb
     sub-directories of 1Mb or more:
     doc 6.8Mb
     libs 5.4Mb
Flavors: r-devel-linux-x86_64-fedora-clang, r-devel-windows-ix86+x86_64, r-patched-solaris-x86, r-release-windows-ix86+x86_64, r-release-osx-x86_64, r-oldrel-windows-ix86+x86_64, r-oldrel-osx-x86_64

Version: 2.0
Check: package dependencies
Result: NOTE
    Packages suggested but not available for checking:
     'av', 'rsvg', 'tesseract', 'gifski'
Flavor: r-patched-solaris-x86

Version: 2.0
Check: whether package can be installed
Result: NOTE
    Found the following notes/warnings:
     Non-staged installation was used
Flavor: r-patched-solaris-x86

Version: 2.0
Check: Rd cross-references
Result: NOTE
    Packages unavailable to check Rd xrefs: ‘rsvg’, ‘tesseract’, ‘gifski’, ‘av’
Flavor: r-patched-solaris-x86

Version: 2.0
Check: compiled code
Result: NOTE
    Note: information on .o files is not available
Flavor: r-patched-solaris-x86

Version: 2.0
Check: re-building of vignette outputs
Result: WARN
    Error(s) in re-building vignettes:
     ...
    --- re-building ‘intro.Rmd’ using rmarkdown
    Warning in engine$weave(file, quiet = quiet, encoding = enc) :
     Pandoc (>= 1.12.3) and/or pandoc-citeproc not available. Falling back to R Markdown v1.
    Warning in library(package, lib.loc = lib.loc, character.only = TRUE, logical.return = TRUE, :
     there is no package called 'rsvg'
    Warning in library(package, lib.loc = lib.loc, character.only = TRUE, logical.return = TRUE, :
     there is no package called 'rsvg'
    Quitting from lines 228-237 (intro.Rmd)
    Error: processing vignette 'intro.Rmd' failed with diagnostics:
    Magick: non-conforming drawing primitive definition `text' @ error/draw.c/RenderMVGContent/4378
    --- failed re-building ‘intro.Rmd’
    
    SUMMARY: processing the following file failed:
     ‘intro.Rmd’
    
    Error: Vignette re-building failed.
    Execution halted
Flavor: r-patched-solaris-x86