CRAN Package Check Results for Package mapStats

Last updated on 2019-07-16 00:48:14 CEST.

Flavor Version Tinstall Tcheck Ttotal Status Flags
r-devel-linux-x86_64-debian-clang 2.4 11.35 93.78 105.13 NOTE
r-devel-linux-x86_64-debian-gcc 2.4 8.39 74.11 82.50 NOTE
r-devel-linux-x86_64-fedora-clang 2.4 131.30 NOTE
r-devel-linux-x86_64-fedora-gcc 2.4 124.99 NOTE
r-devel-windows-ix86+x86_64 2.4 44.00 194.00 238.00 NOTE
r-patched-linux-x86_64 2.4 10.18 92.00 102.18 NOTE
r-patched-solaris-x86 2.4 223.70 NOTE
r-release-linux-x86_64 2.4 11.23 91.37 102.60 NOTE
r-release-windows-ix86+x86_64 2.4 35.00 200.00 235.00 NOTE
r-release-osx-x86_64 2.4 NOTE
r-oldrel-windows-ix86+x86_64 2.4 26.00 131.00 157.00 NOTE
r-oldrel-osx-x86_64 2.4 NOTE

Check Details

Version: 2.4
Check: R code for possible problems
Result: NOTE
    calcStats: no visible global function definition for 'as.formula'
    calcStats: no visible global function definition for 'na.omit'
    Undefined global functions or variables:
     as.formula na.omit
    Consider adding
     importFrom("stats", "as.formula", "na.omit")
    to your NAMESPACE file.
Flavors: r-devel-linux-x86_64-debian-clang, r-devel-linux-x86_64-debian-gcc, r-devel-linux-x86_64-fedora-clang, r-devel-linux-x86_64-fedora-gcc, r-devel-windows-ix86+x86_64, r-patched-linux-x86_64, r-patched-solaris-x86, r-release-linux-x86_64, r-release-windows-ix86+x86_64, r-release-osx-x86_64, r-oldrel-windows-ix86+x86_64, r-oldrel-osx-x86_64