CRAN Package Check Results for Package mapStats

Last updated on 2019-11-12 00:52:47 CET.

Flavor Version Tinstall Tcheck Ttotal Status Flags
r-devel-linux-x86_64-debian-clang 2.4 12.08 95.28 107.36 NOTE
r-devel-linux-x86_64-debian-gcc 2.4 9.55 73.58 83.13 NOTE
r-devel-linux-x86_64-fedora-clang 2.4 132.17 NOTE
r-devel-linux-x86_64-fedora-gcc 2.4 123.37 NOTE
r-devel-windows-ix86+x86_64 2.4 30.00 141.00 171.00 NOTE
r-patched-linux-x86_64 2.4 9.20 90.11 99.31 NOTE
r-patched-solaris-x86 2.4 194.80 NOTE
r-release-linux-x86_64 2.4 10.18 89.75 99.93 NOTE
r-release-windows-ix86+x86_64 2.4 46.00 138.00 184.00 NOTE
r-release-osx-x86_64 2.4 NOTE
r-oldrel-windows-ix86+x86_64 2.4 31.00 183.00 214.00 NOTE
r-oldrel-osx-x86_64 2.4 NOTE

Check Details

Version: 2.4
Check: R code for possible problems
Result: NOTE
    calcStats: no visible global function definition for 'as.formula'
    calcStats: no visible global function definition for 'na.omit'
    Undefined global functions or variables:
     as.formula na.omit
    Consider adding
     importFrom("stats", "as.formula", "na.omit")
    to your NAMESPACE file.
Flavors: r-devel-linux-x86_64-debian-clang, r-devel-linux-x86_64-debian-gcc, r-devel-linux-x86_64-fedora-clang, r-devel-linux-x86_64-fedora-gcc, r-devel-windows-ix86+x86_64, r-patched-linux-x86_64, r-patched-solaris-x86, r-release-linux-x86_64, r-release-windows-ix86+x86_64, r-release-osx-x86_64, r-oldrel-windows-ix86+x86_64, r-oldrel-osx-x86_64