CRAN Package Check Results for Package mapi

Last updated on 2019-07-16 00:48:14 CEST.

Flavor Version Tinstall Tcheck Ttotal Status Flags
r-devel-linux-x86_64-debian-clang 1.0.0-62 16.52 37.72 54.24 OK
r-devel-linux-x86_64-debian-gcc 1.0.0-62 12.58 30.40 42.98 OK
r-devel-linux-x86_64-fedora-clang 1.0.0-62 72.28 NOTE
r-devel-linux-x86_64-fedora-gcc 1.0.0-62 69.08 NOTE
r-devel-windows-ix86+x86_64 1.0.0-62 48.00 100.00 148.00 OK
r-patched-linux-x86_64 1.0.0-62 15.56 37.42 52.98 OK
r-patched-solaris-x86 1.0.0-62 98.60 NOTE
r-release-linux-x86_64 1.0.0-62 14.50 37.15 51.65 OK
r-release-windows-ix86+x86_64 1.0.0-62 34.00 107.00 141.00 OK
r-release-osx-x86_64 1.0.0-62 NOTE
r-oldrel-windows-ix86+x86_64 1.0.0-62 42.00 90.00 132.00 OK
r-oldrel-osx-x86_64 1.0.0-62 NOTE

Check Details

Version: 1.0.0-62
Check: dependencies in R code
Result: NOTE
    Namespace in Imports field not imported from: ‘parallel’
     All declared Imports should be used.
Flavors: r-devel-linux-x86_64-fedora-clang, r-devel-linux-x86_64-fedora-gcc, r-patched-solaris-x86, r-release-osx-x86_64, r-oldrel-osx-x86_64