CRAN Package Check Results for Package mapview

Last updated on 2019-07-16 00:48:14 CEST.

Flavor Version Tinstall Tcheck Ttotal Status Flags
r-devel-linux-x86_64-debian-clang 2.7.0 34.75 102.57 137.32 OK
r-devel-linux-x86_64-debian-gcc 2.7.0 32.35 81.37 113.72 OK
r-devel-linux-x86_64-fedora-clang 2.7.0 204.78 NOTE
r-devel-linux-x86_64-fedora-gcc 2.7.0 175.34 NOTE
r-devel-windows-ix86+x86_64 2.7.0 103.00 225.00 328.00 OK
r-patched-linux-x86_64 2.7.0 36.40 101.89 138.29 OK
r-patched-solaris-x86 2.7.0 249.60 NOTE
r-release-linux-x86_64 2.7.0 36.08 101.92 138.00 OK
r-release-windows-ix86+x86_64 2.7.0 70.00 159.00 229.00 OK
r-release-osx-x86_64 2.7.0 NOTE
r-oldrel-windows-ix86+x86_64 2.7.0 84.00 217.00 301.00 OK
r-oldrel-osx-x86_64 2.7.0 NOTE

Check Details

Version: 2.7.0
Check: dependencies in R code
Result: NOTE
    Namespaces in Imports field not imported from:
     ‘brew’ ‘svglite’ ‘uuid’
     All declared Imports should be used.
Flavors: r-devel-linux-x86_64-fedora-clang, r-devel-linux-x86_64-fedora-gcc, r-patched-solaris-x86, r-release-osx-x86_64, r-oldrel-osx-x86_64