CRAN Package Check Results for Package mapview

Last updated on 2019-10-15 00:49:59 CEST.

Flavor Version Tinstall Tcheck Ttotal Status Flags
r-devel-linux-x86_64-debian-clang 2.7.0 40.65 102.17 142.82 OK
r-devel-linux-x86_64-debian-gcc 2.7.0 30.96 82.19 113.15 OK
r-devel-linux-x86_64-fedora-clang 2.7.0 192.81 NOTE
r-devel-linux-x86_64-fedora-gcc 2.7.0 183.90 NOTE
r-devel-windows-ix86+x86_64 2.7.0 70.00 152.00 222.00 OK
r-patched-linux-x86_64 2.7.0 33.76 102.36 136.12 OK
r-patched-solaris-x86 2.7.0 241.10 NOTE
r-release-linux-x86_64 2.7.0 36.15 101.75 137.90 OK
r-release-windows-ix86+x86_64 2.7.0 97.00 223.00 320.00 OK
r-release-osx-x86_64 2.7.0 NOTE
r-oldrel-windows-ix86+x86_64 2.7.0 49.00 151.00 200.00 OK
r-oldrel-osx-x86_64 2.7.0 NOTE

Check Details

Version: 2.7.0
Check: dependencies in R code
Result: NOTE
    Namespaces in Imports field not imported from:
     ‘brew’ ‘svglite’ ‘uuid’
     All declared Imports should be used.
Flavors: r-devel-linux-x86_64-fedora-clang, r-devel-linux-x86_64-fedora-gcc, r-patched-solaris-x86, r-release-osx-x86_64, r-oldrel-osx-x86_64