CRAN Package Check Results for Package matrixStats

Last updated on 2020-02-21 00:49:45 CET.

Flavor Version Tinstall Tcheck Ttotal Status Flags
r-devel-linux-x86_64-debian-clang 0.55.0 172.49 188.34 360.83 OK
r-devel-linux-x86_64-debian-gcc 0.55.0 102.24 142.31 244.55 OK
r-devel-linux-x86_64-fedora-clang 0.55.0 460.71 NOTE
r-devel-linux-x86_64-fedora-gcc 0.55.0 420.87 OK
r-devel-windows-ix86+x86_64 0.55.0 328.00 333.00 661.00 NOTE
r-devel-windows-ix86+x86_64-gcc8 0.55.0 446.00 474.00 920.00 NOTE
r-patched-linux-x86_64 0.55.0 122.88 165.61 288.49 OK
r-patched-solaris-x86 0.55.0 912.50 NOTE
r-release-linux-x86_64 0.55.0 124.13 166.11 290.24 OK
r-release-windows-ix86+x86_64 0.55.0 345.00 345.00 690.00 NOTE
r-release-osx-x86_64 0.55.0 NOTE
r-oldrel-windows-ix86+x86_64 0.55.0 354.00 337.00 691.00 NOTE
r-oldrel-osx-x86_64 0.55.0 NOTE

Check Details

Version: 0.55.0
Check: installed package size
Result: NOTE
     installed size is 11.3Mb
     sub-directories of 1Mb or more:
     libs 10.5Mb
Flavors: r-devel-linux-x86_64-fedora-clang, r-devel-windows-ix86+x86_64, r-devel-windows-ix86+x86_64-gcc8, r-patched-solaris-x86, r-release-windows-ix86+x86_64, r-release-osx-x86_64, r-oldrel-windows-ix86+x86_64, r-oldrel-osx-x86_64