CRAN Package Check Results for Package matrixStats

Last updated on 2019-09-22 00:47:42 CEST.

Flavor Version Tinstall Tcheck Ttotal Status Flags
r-devel-linux-x86_64-debian-clang 0.55.0 157.83 169.57 327.40 OK
r-devel-linux-x86_64-debian-gcc 0.55.0 103.64 131.99 235.63 OK
r-devel-linux-x86_64-fedora-clang 0.55.0 447.22 NOTE
r-devel-linux-x86_64-fedora-gcc 0.55.0 426.00 OK
r-devel-windows-ix86+x86_64 0.55.0 353.00 422.00 775.00 NOTE
r-patched-linux-x86_64 0.55.0 119.89 165.93 285.82 OK
r-patched-solaris-x86 0.55.0 835.60 NOTE
r-release-linux-x86_64 0.55.0 113.67 167.72 281.39 OK
r-release-windows-ix86+x86_64 0.55.0 354.00 323.00 677.00 NOTE
r-release-osx-x86_64 0.55.0 NOTE
r-oldrel-windows-ix86+x86_64 0.55.0 326.00 349.00 675.00 NOTE
r-oldrel-osx-x86_64 0.55.0 NOTE

Check Details

Version: 0.55.0
Check: installed package size
Result: NOTE
     installed size is 11.3Mb
     sub-directories of 1Mb or more:
     libs 10.5Mb
Flavors: r-devel-linux-x86_64-fedora-clang, r-devel-windows-ix86+x86_64, r-patched-solaris-x86, r-release-windows-ix86+x86_64, r-release-osx-x86_64, r-oldrel-windows-ix86+x86_64, r-oldrel-osx-x86_64