CRAN Package Check Results for Package mboost

Last updated on 2019-06-26 00:47:33 CEST.

Flavor Version Tinstall Tcheck Ttotal Status Flags
r-devel-linux-x86_64-debian-clang 2.9-1 17.81 477.34 495.15 OK
r-devel-linux-x86_64-debian-gcc 2.9-1 12.42 356.84 369.26 OK
r-devel-linux-x86_64-fedora-clang 2.9-1 551.73 OK
r-devel-linux-x86_64-fedora-gcc 2.9-1 567.41 OK
r-devel-windows-ix86+x86_64 2.9-1 40.00 156.00 196.00 OK --no-vignettes
r-patched-linux-x86_64 2.9-1 13.46 458.16 471.62 OK
r-patched-solaris-x86 2.9-1 742.40 OK
r-release-linux-x86_64 2.9-1 14.39 458.57 472.96 OK
r-release-windows-ix86+x86_64 2.9-1 26.00 178.00 204.00 OK --no-vignettes
r-release-osx-x86_64 2.9-1 NOTE
r-oldrel-windows-ix86+x86_64 2.9-1 19.00 126.00 145.00 OK --no-vignettes
r-oldrel-osx-x86_64 2.9-1 OK

Check Details

Version: 2.9-1
Check: package dependencies
Result: NOTE
    Package suggested but not available for checking: ‘kangar00’
Flavor: r-release-osx-x86_64

Version: 2.9-1
Check: Rd cross-references
Result: NOTE
    Package unavailable to check Rd xrefs: ‘kangar00’
Flavor: r-release-osx-x86_64