CRAN Package Check Results for Package mboost

Last updated on 2019-09-21 00:52:45 CEST.

Flavor Version Tinstall Tcheck Ttotal Status Flags
r-devel-linux-x86_64-debian-clang 2.9-1 15.24 487.40 502.64 OK
r-devel-linux-x86_64-debian-gcc 2.9-1 14.30 365.72 380.02 OK
r-devel-linux-x86_64-fedora-clang 2.9-1 613.09 OK
r-devel-linux-x86_64-fedora-gcc 2.9-1 592.95 OK
r-devel-windows-ix86+x86_64 2.9-1 45.00 138.00 183.00 OK --no-vignettes
r-patched-linux-x86_64 2.9-1 14.07 457.97 472.04 OK
r-patched-solaris-x86 2.9-1 754.90 OK
r-release-linux-x86_64 2.9-1 13.79 458.82 472.61 OK
r-release-windows-ix86+x86_64 2.9-1 23.00 190.00 213.00 OK --no-vignettes
r-release-osx-x86_64 2.9-1 NOTE
r-oldrel-windows-ix86+x86_64 2.9-1 17.00 206.00 223.00 OK --no-vignettes
r-oldrel-osx-x86_64 2.9-1 OK

Check Details

Version: 2.9-1
Check: package dependencies
Result: NOTE
    Package suggested but not available for checking: ‘kangar00’
Flavor: r-release-osx-x86_64

Version: 2.9-1
Check: Rd cross-references
Result: NOTE
    Package unavailable to check Rd xrefs: ‘kangar00’
Flavor: r-release-osx-x86_64