CRAN Package Check Results for Package mclust

Last updated on 2019-09-17 00:49:18 CEST.

Flavor Version Tinstall Tcheck Ttotal Status Flags
r-devel-linux-x86_64-debian-clang 5.4.5 33.29 198.50 231.79 OK
r-devel-linux-x86_64-debian-gcc 5.4.5 OK
r-devel-linux-x86_64-fedora-clang 5.4.5 288.36 NOTE
r-devel-linux-x86_64-fedora-gcc 5.4.5 297.48 OK
r-devel-windows-ix86+x86_64 5.4.5 88.00 386.00 474.00 NOTE
r-patched-linux-x86_64 5.4.5 31.96 199.11 231.07 OK
r-patched-solaris-x86 5.4.5 406.40 NOTE
r-release-linux-x86_64 5.4.5 33.61 209.76 243.37 OK
r-release-windows-ix86+x86_64 5.4.5 72.00 402.00 474.00 NOTE
r-release-osx-x86_64 5.4.5 NOTE
r-oldrel-windows-ix86+x86_64 5.4.5 80.00 286.00 366.00 NOTE
r-oldrel-osx-x86_64 5.4.5 NOTE

Check Details

Version: 5.4.5
Check: installed package size
Result: NOTE
     installed size is 5.8Mb
     sub-directories of 1Mb or more:
     doc 3.0Mb
Flavors: r-devel-linux-x86_64-fedora-clang, r-devel-windows-ix86+x86_64, r-patched-solaris-x86, r-release-windows-ix86+x86_64, r-release-osx-x86_64, r-oldrel-windows-ix86+x86_64, r-oldrel-osx-x86_64

Version: 5.4.5
Check: R code for possible problems
Result: NOTE
    surfacePlot : <anonymous>: no visible global function definition for
     'hcl.colors'
    Undefined global functions or variables:
     hcl.colors
Flavors: r-oldrel-windows-ix86+x86_64, r-oldrel-osx-x86_64