CRAN Package Check Results for Package mclust

Last updated on 2019-06-26 00:47:33 CEST.

Flavor Version Tinstall Tcheck Ttotal Status Flags
r-devel-linux-x86_64-debian-clang 5.4.3 33.81 223.58 257.39 OK
r-devel-linux-x86_64-debian-gcc 5.4.3 29.41 159.94 189.35 OK
r-devel-linux-x86_64-fedora-clang 5.4.3 310.24 NOTE
r-devel-linux-x86_64-fedora-gcc 5.4.3 313.09 OK
r-devel-windows-ix86+x86_64 5.4.3 98.00 345.00 443.00 NOTE
r-patched-linux-x86_64 5.4.3 32.82 218.10 250.92 OK
r-patched-solaris-x86 5.4.3 424.30 NOTE
r-release-linux-x86_64 5.4.3 35.77 219.74 255.51 OK
r-release-windows-ix86+x86_64 5.4.3 63.00 399.00 462.00 NOTE
r-release-osx-x86_64 5.4.3 NOTE
r-oldrel-windows-ix86+x86_64 5.4.3 63.00 307.00 370.00 NOTE
r-oldrel-osx-x86_64 5.4.3 NOTE

Additional issues

LTO

Check Details

Version: 5.4.3
Check: installed package size
Result: NOTE
     installed size is 5.6Mb
     sub-directories of 1Mb or more:
     doc 3.0Mb
Flavors: r-devel-linux-x86_64-fedora-clang, r-devel-windows-ix86+x86_64, r-patched-solaris-x86, r-release-windows-ix86+x86_64, r-release-osx-x86_64, r-oldrel-windows-ix86+x86_64, r-oldrel-osx-x86_64