CRAN Package Check Results for Package medmod

Last updated on 2019-09-21 00:52:45 CEST.

Flavor Version Tinstall Tcheck Ttotal Status Flags
r-devel-linux-x86_64-debian-clang 1.0.0 6.37 21.50 27.87 OK
r-devel-linux-x86_64-debian-gcc 1.0.0 6.05 17.95 24.00 OK
r-devel-linux-x86_64-fedora-clang 1.0.0 38.13 NOTE
r-devel-linux-x86_64-fedora-gcc 1.0.0 38.86 NOTE
r-devel-windows-ix86+x86_64 1.0.0 20.00 39.00 59.00 OK
r-patched-linux-x86_64 1.0.0 6.74 21.00 27.74 OK
r-patched-solaris-x86 1.0.0 53.00 NOTE
r-release-linux-x86_64 1.0.0 6.40 21.18 27.58 OK
r-release-windows-ix86+x86_64 1.0.0 11.00 48.00 59.00 OK
r-release-osx-x86_64 1.0.0 NOTE
r-oldrel-windows-ix86+x86_64 1.0.0 10.00 31.00 41.00 OK
r-oldrel-osx-x86_64 1.0.0 NOTE

Check Details

Version: 1.0.0
Check: dependencies in R code
Result: NOTE
    Namespaces in Imports field not imported from:
     ‘R6’ ‘ggplot2’ ‘lavaan’
     All declared Imports should be used.
Flavors: r-devel-linux-x86_64-fedora-clang, r-devel-linux-x86_64-fedora-gcc, r-patched-solaris-x86, r-release-osx-x86_64, r-oldrel-osx-x86_64