CRAN Package Check Results for Package medmod

Last updated on 2020-02-24 00:48:44 CET.

Flavor Version Tinstall Tcheck Ttotal Status Flags
r-devel-linux-x86_64-debian-clang 1.0.0 7.60 24.52 32.12 OK
r-devel-linux-x86_64-debian-gcc 1.0.0 OK
r-devel-linux-x86_64-fedora-clang 1.0.0 42.38 NOTE
r-devel-linux-x86_64-fedora-gcc 1.0.0 41.26 NOTE
r-devel-windows-ix86+x86_64 1.0.0 11.00 37.00 48.00 OK
r-devel-windows-ix86+x86_64-gcc8 1.0.0 18.00 52.00 70.00 OK
r-patched-linux-x86_64 1.0.0 OK
r-patched-solaris-x86 1.0.0 54.70 NOTE
r-release-linux-x86_64 1.0.0 5.47 22.23 27.70 OK
r-release-windows-ix86+x86_64 1.0.0 12.00 37.00 49.00 OK
r-release-osx-x86_64 1.0.0 NOTE
r-oldrel-windows-ix86+x86_64 1.0.0 9.00 38.00 47.00 OK
r-oldrel-osx-x86_64 1.0.0 NOTE

Check Details

Version: 1.0.0
Check: dependencies in R code
Result: NOTE
    Namespaces in Imports field not imported from:
     ‘R6’ ‘ggplot2’ ‘lavaan’
     All declared Imports should be used.
Flavors: r-devel-linux-x86_64-fedora-clang, r-devel-linux-x86_64-fedora-gcc, r-patched-solaris-x86, r-release-osx-x86_64, r-oldrel-osx-x86_64