CRAN Package Check Results for Package memisc

Last updated on 2019-07-16 00:48:15 CEST.

Flavor Version Tinstall Tcheck Ttotal Status Flags
r-devel-linux-x86_64-debian-clang 0.99.17.2 25.99 139.15 165.14 OK
r-devel-linux-x86_64-debian-gcc 0.99.17.2 24.01 105.30 129.31 OK
r-devel-linux-x86_64-fedora-clang 0.99.17.2 196.25 NOTE
r-devel-linux-x86_64-fedora-gcc 0.99.17.2 185.12 OK
r-devel-windows-ix86+x86_64 0.99.17.2 70.00 159.00 229.00 NOTE
r-patched-linux-x86_64 0.99.17.2 26.24 136.21 162.45 OK
r-patched-solaris-x86 0.99.17.2 232.60 NOTE
r-release-linux-x86_64 0.99.17.2 27.60 134.48 162.08 OK
r-release-windows-ix86+x86_64 0.99.17.2 50.00 255.00 305.00 NOTE
r-release-osx-x86_64 0.99.17.2 NOTE
r-oldrel-windows-ix86+x86_64 0.99.17.2 60.00 135.00 195.00 NOTE
r-oldrel-osx-x86_64 0.99.17.2 NOTE

Check Details

Version: 0.99.17.2
Check: installed package size
Result: NOTE
     installed size is 5.4Mb
     sub-directories of 1Mb or more:
     R 1.1Mb
     doc 3.5Mb
Flavors: r-devel-linux-x86_64-fedora-clang, r-devel-windows-ix86+x86_64, r-patched-solaris-x86, r-release-windows-ix86+x86_64, r-release-osx-x86_64, r-oldrel-windows-ix86+x86_64, r-oldrel-osx-x86_64