CRAN Package Check Results for Package memisc

Last updated on 2019-11-12 00:52:47 CET.

Flavor Version Tinstall Tcheck Ttotal Status Flags
r-devel-linux-x86_64-debian-clang 0.99.17.2 27.58 138.94 166.52 WARN
r-devel-linux-x86_64-debian-gcc 0.99.17.2 23.64 103.97 127.61 WARN
r-devel-linux-x86_64-fedora-clang 0.99.17.2 207.79 NOTE
r-devel-linux-x86_64-fedora-gcc 0.99.17.2 199.70 WARN
r-devel-windows-ix86+x86_64 0.99.17.2 55.00 183.00 238.00 NOTE
r-patched-linux-x86_64 0.99.17.2 24.60 131.92 156.52 OK
r-patched-solaris-x86 0.99.17.2 226.30 NOTE
r-release-linux-x86_64 0.99.17.2 26.94 135.28 162.22 OK
r-release-windows-ix86+x86_64 0.99.17.2 70.00 179.00 249.00 NOTE
r-release-osx-x86_64 0.99.17.2 NOTE
r-oldrel-windows-ix86+x86_64 0.99.17.2 63.00 211.00 274.00 NOTE
r-oldrel-osx-x86_64 0.99.17.2 NOTE

Check Details

Version: 0.99.17.2
Check: whether package can be installed
Result: WARN
    Found the following significant warnings:
     dta-for-R.c:195:3: warning: ignoring return value of function declared with 'warn_unused_result' attribute [-Wunused-result]
     dta-for-R.c:212:3: warning: ignoring return value of function declared with 'warn_unused_result' attribute [-Wunused-result]
     dta-for-R.c:214:3: warning: ignoring return value of function declared with 'warn_unused_result' attribute [-Wunused-result]
     pspp-portableStream-for-R.c:323:7: warning: ignoring return value of function declared with 'warn_unused_result' attribute [-Wunused-result]
Flavor: r-devel-linux-x86_64-debian-clang

Version: 0.99.17.2
Check: whether package can be installed
Result: WARN
    Found the following significant warnings:
     dta-for-R.c:195:3: warning: ignoring return value of ‘fread’, declared with attribute warn_unused_result [-Wunused-result]
     dta-for-R.c:212:3: warning: ignoring return value of ‘fread’, declared with attribute warn_unused_result [-Wunused-result]
     dta-for-R.c:214:3: warning: ignoring return value of ‘fread’, declared with attribute warn_unused_result [-Wunused-result]
     pspp-portableStream-for-R.c:323:7: warning: ignoring return value of ‘fread’, declared with attribute warn_unused_result [-Wunused-result]
Flavors: r-devel-linux-x86_64-debian-gcc, r-devel-linux-x86_64-fedora-gcc

Version: 0.99.17.2
Check: installed package size
Result: NOTE
     installed size is 5.4Mb
     sub-directories of 1Mb or more:
     R 1.1Mb
     doc 3.5Mb
Flavors: r-devel-linux-x86_64-fedora-clang, r-devel-windows-ix86+x86_64, r-patched-solaris-x86, r-release-windows-ix86+x86_64, r-release-osx-x86_64, r-oldrel-windows-ix86+x86_64, r-oldrel-osx-x86_64