CRAN Package Check Results for Package memo

Last updated on 2019-08-19 00:46:27 CEST.

Flavor Version Tinstall Tcheck Ttotal Status Flags
r-devel-linux-x86_64-debian-clang 1.0.1 2.56 20.30 22.86 NOTE
r-devel-linux-x86_64-debian-gcc 1.0.1 1.98 16.37 18.35 NOTE
r-devel-linux-x86_64-fedora-clang 1.0.1 32.01 OK
r-devel-linux-x86_64-fedora-gcc 1.0.1 27.64 OK
r-devel-windows-ix86+x86_64 1.0.1 21.00 57.00 78.00 NOTE
r-patched-linux-x86_64 1.0.1 1.92 20.05 21.97 OK
r-patched-solaris-x86 1.0.1 48.60 OK
r-release-linux-x86_64 1.0.1 1.97 20.00 21.97 OK
r-release-windows-ix86+x86_64 1.0.1 9.00 39.00 48.00 OK
r-release-osx-x86_64 1.0.1 OK
r-oldrel-windows-ix86+x86_64 1.0.1 10.00 53.00 63.00 OK
r-oldrel-osx-x86_64 1.0.1 OK

Check Details

Version: 1.0.1
Check: package vignettes
Result: NOTE
    Package vignette with placeholder title 'Vignette Title':
     'README.Rmd'
Flavors: r-devel-linux-x86_64-debian-clang, r-devel-linux-x86_64-debian-gcc, r-devel-windows-ix86+x86_64