CRAN Package Check Results for Package memo

Last updated on 2019-12-06 00:50:01 CET.

Flavor Version Tinstall Tcheck Ttotal Status Flags
r-devel-linux-x86_64-debian-clang 1.0.1 2.50 22.07 24.57 NOTE
r-devel-linux-x86_64-debian-gcc 1.0.1 2.01 17.88 19.89 NOTE
r-devel-linux-x86_64-fedora-clang 1.0.1 31.90 OK
r-devel-linux-x86_64-fedora-gcc 1.0.1 29.60 OK
r-devel-windows-ix86+x86_64 1.0.1 10.00 56.00 66.00 NOTE
r-devel-windows-ix86+x86_64-gcc8 1.0.1 12.00 65.00 77.00 NOTE
r-patched-linux-x86_64 1.0.1 1.93 20.66 22.59 OK
r-patched-solaris-x86 1.0.1 47.90 OK
r-release-linux-x86_64 1.0.1 1.66 20.51 22.17 OK
r-release-windows-ix86+x86_64 1.0.1 15.00 41.00 56.00 OK
r-release-osx-x86_64 1.0.1 OK
r-oldrel-windows-ix86+x86_64 1.0.1 7.00 52.00 59.00 OK
r-oldrel-osx-x86_64 1.0.1 OK

Check Details

Version: 1.0.1
Check: package vignettes
Result: NOTE
    Package vignette with placeholder title 'Vignette Title':
     'README.Rmd'
Flavors: r-devel-linux-x86_64-debian-clang, r-devel-linux-x86_64-debian-gcc, r-devel-windows-ix86+x86_64, r-devel-windows-ix86+x86_64-gcc8