CRAN Package Check Results for Package mgarchBEKK

Last updated on 2019-10-22 00:52:27 CEST.

Flavor Version Tinstall Tcheck Ttotal Status Flags
r-devel-linux-x86_64-debian-clang 0.0.2 5.11 32.18 37.29 OK
r-devel-linux-x86_64-debian-gcc 0.0.2 3.97 26.05 30.02 OK
r-devel-linux-x86_64-fedora-clang 0.0.2 45.65 NOTE
r-devel-linux-x86_64-fedora-gcc 0.0.2 43.91 NOTE
r-devel-windows-ix86+x86_64 0.0.2 15.00 87.00 102.00 OK
r-patched-linux-x86_64 0.0.2 4.55 32.19 36.74 OK
r-patched-solaris-x86 0.0.2 73.00 OK
r-release-linux-x86_64 0.0.2 4.34 31.33 35.67 OK
r-release-windows-ix86+x86_64 0.0.2 18.00 59.00 77.00 OK
r-release-osx-x86_64 0.0.2 OK
r-oldrel-windows-ix86+x86_64 0.0.2 9.00 59.00 68.00 OK
r-oldrel-osx-x86_64 0.0.2 OK

Check Details

Version: 0.0.2
Check: compiled code
Result: NOTE
    File ‘mgarchBEKK/libs/mgarchBEKK.so’:
     Found no calls to: ‘R_registerRoutines’, ‘R_useDynamicSymbols’
    
    It is good practice to register native routines and to disable symbol
    search.
    
    See ‘Writing portable packages’ in the ‘Writing R Extensions’ manual.
Flavors: r-devel-linux-x86_64-fedora-clang, r-devel-linux-x86_64-fedora-gcc