CRAN Package Check Results for Package miceFast

Last updated on 2019-10-22 00:52:27 CEST.

Flavor Version Tinstall Tcheck Ttotal Status Flags
r-devel-linux-x86_64-debian-clang 0.5.1 105.25 54.61 159.86 OK
r-devel-linux-x86_64-debian-gcc 0.5.1 83.88 40.36 124.24 OK
r-devel-linux-x86_64-fedora-clang 0.5.1 227.76 NOTE
r-devel-linux-x86_64-fedora-gcc 0.5.1 215.88 OK
r-devel-windows-ix86+x86_64 0.5.1 270.00 122.00 392.00 OK
r-patched-linux-x86_64 0.5.1 85.02 50.09 135.11 OK
r-patched-solaris-x86 0.5.1 204.60 OK
r-release-linux-x86_64 0.5.1 86.25 50.41 136.66 OK
r-release-windows-ix86+x86_64 0.5.1 263.00 92.00 355.00 OK
r-release-osx-x86_64 0.5.1 NOTE
r-oldrel-windows-ix86+x86_64 0.5.1 190.00 80.00 270.00 OK
r-oldrel-osx-x86_64 0.5.1 NOTE

Check Details

Version: 0.5.1
Check: installed package size
Result: NOTE
     installed size is 10.6Mb
     sub-directories of 1Mb or more:
     libs 9.2Mb
Flavors: r-devel-linux-x86_64-fedora-clang, r-release-osx-x86_64, r-oldrel-osx-x86_64