CRAN Package Check Results for Package miceFast

Last updated on 2019-07-16 00:48:15 CEST.

Flavor Version Tinstall Tcheck Ttotal Status Flags
r-devel-linux-x86_64-debian-clang 0.2.3 91.09 39.48 130.57 NOTE
r-devel-linux-x86_64-debian-gcc 0.2.3 70.82 32.17 102.99 NOTE
r-devel-linux-x86_64-fedora-clang 0.2.3 189.99 NOTE
r-devel-linux-x86_64-fedora-gcc 0.2.3 187.92 NOTE
r-devel-windows-ix86+x86_64 0.2.3 250.00 106.00 356.00 OK
r-patched-linux-x86_64 0.2.3 83.02 38.70 121.72 NOTE
r-patched-solaris-x86 0.2.3 189.80 OK
r-release-linux-x86_64 0.2.3 87.90 38.08 125.98 NOTE
r-release-windows-ix86+x86_64 0.2.3 188.00 79.00 267.00 OK
r-release-osx-x86_64 0.2.3 NOTE
r-oldrel-windows-ix86+x86_64 0.2.3 240.00 111.00 351.00 OK
r-oldrel-osx-x86_64 0.2.3 NOTE

Check Details

Version: 0.2.3
Check: use of SHLIB_OPENMP_*FLAGS in Makefiles
Result: NOTE
     src/Makevars: SHLIB_OPENMP_CXXFLAGS is included in PKG_CXXFLAGS but not in PKG_LIBS
     src/Makevars: SHLIB_OPENMP_CFLAGS is included in PKG_LIBS but linking is by C++
     src/Makevars.win: SHLIB_OPENMP_CXXFLAGS is included in PKG_CXXFLAGS but not in PKG_LIBS
     src/Makevars.win: SHLIB_OPENMP_CFLAGS is included in PKG_LIBS but linking is by C++
    Use of these macros is discussed in sect 1.2.1.1 of 'Writing R
    Extensions'. The macros for different languages may differ so the
    matching macro must be used in PKG_CXXFLAGS (etc) and match that used
    in PKG_LIBS (except for Fortran: see the manual).
Flavors: r-devel-linux-x86_64-debian-clang, r-devel-linux-x86_64-debian-gcc, r-devel-linux-x86_64-fedora-clang, r-devel-linux-x86_64-fedora-gcc, r-patched-linux-x86_64, r-release-linux-x86_64

Version: 0.2.3
Check: installed package size
Result: NOTE
     installed size is 8.5Mb
     sub-directories of 1Mb or more:
     libs 7.2Mb
Flavors: r-devel-linux-x86_64-fedora-clang, r-release-osx-x86_64, r-oldrel-osx-x86_64