CRAN Package Check Results for Package microsamplingDesign

Last updated on 2019-07-16 00:48:15 CEST.

Flavor Version Tinstall Tcheck Ttotal Status Flags
r-devel-linux-x86_64-debian-clang 1.0.6 31.75 252.23 283.98 OK
r-devel-linux-x86_64-debian-gcc 1.0.6 25.13 186.40 211.53 OK
r-devel-linux-x86_64-fedora-clang 1.0.6 343.13 OK
r-devel-linux-x86_64-fedora-gcc 1.0.6 352.08 OK
r-devel-windows-ix86+x86_64 1.0.6 109.00 460.00 569.00 OK
r-patched-linux-x86_64 1.0.6 28.72 252.70 281.42 OK
r-patched-solaris-x86 1.0.6 393.30 OK
r-release-linux-x86_64 1.0.6 33.76 249.13 282.89 OK
r-release-windows-ix86+x86_64 1.0.6 78.00 452.00 530.00 OK
r-release-osx-x86_64 1.0.6 OK
r-oldrel-windows-ix86+x86_64 1.0.6 93.00 426.00 519.00 OK
r-oldrel-osx-x86_64 1.0.6 WARN

Check Details

Version: 1.0.6
Check: whether package can be installed
Result: WARN
    Found the following significant warnings:
     Note: possible error in 'dev_package_deps(pkgdir = system.file(package = "microsamplingDesign"), ': unused argument (pkgdir = system.file(package = "microsamplingDesign"))
    See ‘/Volumes/SSD-Data/Builds/R-dev-web/QA/Simon/packages/el-capitan-x86_64/results/3.5/microsamplingDesign.Rcheck/00install.out’ for details.
    Information on the location(s) of code generating the ‘Note’s can be
    obtained by re-running with environment variable R_KEEP_PKG_SOURCE set
    to ‘yes’.
Flavor: r-oldrel-osx-x86_64

Version: 1.0.6
Check: R code for possible problems
Result: NOTE
    runMicrosamplingDesignApp: possible error in dev_package_deps(pkgdir =
     system.file(package = "microsamplingDesign"), dependencies =
     "Suggests"): unused argument (pkgdir = system.file(package =
     "microsamplingDesign"))
Flavor: r-oldrel-osx-x86_64