CRAN Package Check Results for Package microsamplingDesign

Last updated on 2019-11-12 00:52:47 CET.

Flavor Version Tinstall Tcheck Ttotal Status Flags
r-devel-linux-x86_64-debian-clang 1.0.6 39.45 266.91 306.36 OK
r-devel-linux-x86_64-debian-gcc 1.0.6 25.79 187.16 212.95 OK
r-devel-linux-x86_64-fedora-clang 1.0.6 347.22 OK
r-devel-linux-x86_64-fedora-gcc 1.0.6 349.87 OK
r-devel-windows-ix86+x86_64 1.0.6 83.00 345.00 428.00 OK
r-patched-linux-x86_64 1.0.6 32.07 244.92 276.99 OK
r-patched-solaris-x86 1.0.6 381.80 OK
r-release-linux-x86_64 1.0.6 29.02 244.80 273.82 OK
r-release-windows-ix86+x86_64 1.0.6 100.00 421.00 521.00 OK
r-release-osx-x86_64 1.0.6 OK
r-oldrel-windows-ix86+x86_64 1.0.6 96.00 435.00 531.00 OK
r-oldrel-osx-x86_64 1.0.6 WARN

Check Details

Version: 1.0.6
Check: whether package can be installed
Result: WARN
    Found the following significant warnings:
     Note: possible error in 'dev_package_deps(pkgdir = system.file(package = "microsamplingDesign"), ': unused argument (pkgdir = system.file(package = "microsamplingDesign"))
    See ‘/Volumes/SSD-Data/Builds/R-dev-web/QA/Simon/packages/el-capitan-x86_64/results/3.5/microsamplingDesign.Rcheck/00install.out’ for details.
    Information on the location(s) of code generating the ‘Note’s can be
    obtained by re-running with environment variable R_KEEP_PKG_SOURCE set
    to ‘yes’.
Flavor: r-oldrel-osx-x86_64

Version: 1.0.6
Check: R code for possible problems
Result: NOTE
    runMicrosamplingDesignApp: possible error in dev_package_deps(pkgdir =
     system.file(package = "microsamplingDesign"), dependencies =
     "Suggests"): unused argument (pkgdir = system.file(package =
     "microsamplingDesign"))
Flavor: r-oldrel-osx-x86_64