CRAN Package Check Results for Package mined

Last updated on 2019-11-12 00:52:47 CET.

Flavor Version Tinstall Tcheck Ttotal Status Flags
r-devel-linux-x86_64-debian-clang 1.0-2 65.73 26.22 91.95 OK
r-devel-linux-x86_64-debian-gcc 1.0-2 52.46 23.10 75.56 OK
r-devel-linux-x86_64-fedora-clang 1.0-2 131.15 NOTE
r-devel-linux-x86_64-fedora-gcc 1.0-2 132.90 OK
r-devel-windows-ix86+x86_64 1.0-2 106.00 70.00 176.00 OK
r-patched-linux-x86_64 1.0-2 59.45 27.21 86.66 OK
r-patched-solaris-x86 1.0-2 121.30 OK
r-release-linux-x86_64 1.0-2 57.75 27.45 85.20 OK
r-release-windows-ix86+x86_64 1.0-2 138.00 68.00 206.00 OK
r-release-osx-x86_64 1.0-2 NOTE
r-oldrel-windows-ix86+x86_64 1.0-2 136.00 69.00 205.00 OK
r-oldrel-osx-x86_64 1.0-2 NOTE

Additional issues

valgrind

Check Details

Version: 1.0-2
Check: installed package size
Result: NOTE
     installed size is 20.4Mb
     sub-directories of 1Mb or more:
     libs 20.3Mb
Flavors: r-devel-linux-x86_64-fedora-clang, r-release-osx-x86_64, r-oldrel-osx-x86_64