CRAN Package Check Results for Package mined

Last updated on 2019-07-16 00:48:15 CEST.

Flavor Version Tinstall Tcheck Ttotal Status Flags
r-devel-linux-x86_64-debian-clang 1.0-1 57.58 24.78 82.36 OK
r-devel-linux-x86_64-debian-gcc 1.0-1 54.67 22.03 76.70 OK
r-devel-linux-x86_64-fedora-clang 1.0-1 124.19 NOTE
r-devel-linux-x86_64-fedora-gcc 1.0-1 128.57 OK
r-devel-windows-ix86+x86_64 1.0-1 143.00 61.00 204.00 OK
r-patched-linux-x86_64 1.0-1 61.26 26.59 87.85 OK
r-patched-solaris-x86 1.0-1 120.10 OK
r-release-linux-x86_64 1.0-1 59.43 26.03 85.46 OK
r-release-windows-ix86+x86_64 1.0-1 103.00 75.00 178.00 OK
r-release-osx-x86_64 1.0-1 NOTE
r-oldrel-windows-ix86+x86_64 1.0-1 138.00 61.00 199.00 OK
r-oldrel-osx-x86_64 1.0-1 NOTE

Check Details

Version: 1.0-1
Check: installed package size
Result: NOTE
     installed size is 20.2Mb
     sub-directories of 1Mb or more:
     libs 20.1Mb
Flavors: r-devel-linux-x86_64-fedora-clang, r-release-osx-x86_64, r-oldrel-osx-x86_64