CRAN Package Check Results for Package missCompare

Last updated on 2019-06-26 00:47:34 CEST.

Flavor Version Tinstall Tcheck Ttotal Status Flags
r-devel-linux-x86_64-debian-clang 1.0.1 18.43 291.40 309.83 OK
r-devel-linux-x86_64-debian-gcc 1.0.1 16.06 214.96 231.02 OK
r-devel-linux-x86_64-fedora-clang 1.0.1 353.56 OK
r-devel-linux-x86_64-fedora-gcc 1.0.1 329.53 OK
r-devel-windows-ix86+x86_64 1.0.1 64.00 388.00 452.00 OK
r-patched-linux-x86_64 1.0.1 17.35 268.44 285.79 OK
r-patched-solaris-x86 1.0.1 630.70 OK
r-release-linux-x86_64 1.0.1 18.66 274.76 293.42 OK
r-release-windows-ix86+x86_64 1.0.1 47.00 503.00 550.00 OK
r-release-osx-x86_64 1.0.1 ERROR
r-oldrel-windows-ix86+x86_64 1.0.1 28.00 351.00 379.00 OK
r-oldrel-osx-x86_64 1.0.1 OK

Check Details

Version: 1.0.1
Check: package dependencies
Result: ERROR
    Package required but not available: ‘pcaMethods’
    
    See section ‘The DESCRIPTION file’ in the ‘Writing R Extensions’
    manual.
Flavor: r-release-osx-x86_64