CRAN Package Check Results for Package missCompare

Last updated on 2019-09-21 00:52:45 CEST.

Flavor Version Tinstall Tcheck Ttotal Status Flags
r-devel-linux-x86_64-debian-clang 1.0.1 18.89 291.05 309.94 OK
r-devel-linux-x86_64-debian-gcc 1.0.1 17.93 216.45 234.38 OK
r-devel-linux-x86_64-fedora-clang 1.0.1 357.33 OK
r-devel-linux-x86_64-fedora-gcc 1.0.1 388.13 OK
r-devel-windows-ix86+x86_64 1.0.1 79.00 507.00 586.00 OK
r-patched-linux-x86_64 1.0.1 19.60 272.46 292.06 OK
r-patched-solaris-x86 1.0.1 631.20 OK
r-release-linux-x86_64 1.0.1 18.79 268.92 287.71 OK
r-release-windows-ix86+x86_64 1.0.1 48.00 478.00 526.00 OK
r-release-osx-x86_64 1.0.1 ERROR
r-oldrel-windows-ix86+x86_64 1.0.1 28.00 348.00 376.00 OK
r-oldrel-osx-x86_64 1.0.1 OK

Check Details

Version: 1.0.1
Check: package dependencies
Result: ERROR
    Package required but not available: ‘pcaMethods’
    
    See section ‘The DESCRIPTION file’ in the ‘Writing R Extensions’
    manual.
Flavor: r-release-osx-x86_64