CRAN Package Check Results for Package mlma

Last updated on 2020-02-24 00:48:45 CET.

Flavor Version Tinstall Tcheck Ttotal Status Flags
r-devel-linux-x86_64-debian-clang 4.0-1 16.81 124.95 141.76 OK
r-devel-linux-x86_64-debian-gcc 4.0-1 OK
r-devel-linux-x86_64-fedora-clang 4.0-1 164.03 WARN
r-devel-linux-x86_64-fedora-gcc 4.0-1 161.57 OK
r-devel-windows-ix86+x86_64 4.0-1 30.00 129.00 159.00 OK
r-devel-windows-ix86+x86_64-gcc8 4.0-1 45.00 180.00 225.00 OK
r-patched-linux-x86_64 4.0-1 OK
r-patched-solaris-x86 4.0-1 216.00 OK
r-release-linux-x86_64 4.0-1 14.05 105.90 119.95 OK
r-release-windows-ix86+x86_64 4.0-1 27.00 112.00 139.00 OK
r-release-osx-x86_64 4.0-1 OK
r-oldrel-windows-ix86+x86_64 4.0-1 20.00 123.00 143.00 OK
r-oldrel-osx-x86_64 4.0-1 OK

Check Details

Version: 4.0-1
Check: package dependencies
Result: WARN
    Requires orphaned package: ‘gplots’
Flavor: r-devel-linux-x86_64-fedora-clang