CRAN Package Check Results for Package mnreadR

Last updated on 2019-06-20 00:50:53 CEST.

Flavor Version Tinstall Tcheck Ttotal Status Flags
r-devel-linux-x86_64-debian-clang 2.1.2 5.57 46.30 51.87 NOTE
r-devel-linux-x86_64-debian-gcc 2.1.2 5.08 35.88 40.96 NOTE
r-devel-linux-x86_64-fedora-clang 2.1.2 62.44 NOTE
r-devel-linux-x86_64-fedora-gcc 2.1.2 57.18 NOTE
r-devel-windows-ix86+x86_64 2.1.2 18.00 96.00 114.00 OK
r-patched-linux-x86_64 2.1.2 5.57 44.74 50.31 OK
r-patched-solaris-x86 2.1.2 93.70 OK
r-release-linux-x86_64 2.1.2 5.82 44.71 50.53 OK
r-release-windows-ix86+x86_64 2.1.2 21.00 87.00 108.00 OK
r-release-osx-x86_64 2.1.2 OK
r-oldrel-windows-ix86+x86_64 2.1.2 7.00 85.00 92.00 OK
r-oldrel-osx-x86_64 2.1.2 OK

Check Details

Version: 2.1.2
Check: for non-standard things in the check directory
Result: NOTE
    Found the following files/directories:
     'MNREAD_curves.pdf'
Flavors: r-devel-linux-x86_64-debian-clang, r-devel-linux-x86_64-debian-gcc, r-devel-linux-x86_64-fedora-clang, r-devel-linux-x86_64-fedora-gcc