CRAN Package Check Results for Package molaR

Last updated on 2019-06-26 00:47:34 CEST.

Flavor Version Tinstall Tcheck Ttotal Status Flags
r-devel-linux-x86_64-debian-clang 4.4 12.19 272.37 284.56 OK
r-devel-linux-x86_64-debian-gcc 4.4 10.61 201.60 212.21 OK
r-devel-linux-x86_64-fedora-clang 4.4 334.42 OK
r-devel-linux-x86_64-fedora-gcc 4.4 305.31 OK
r-devel-windows-ix86+x86_64 4.4 46.00 256.00 302.00 OK
r-patched-linux-x86_64 4.4 14.04 265.52 279.56 OK
r-patched-solaris-x86 4.4 447.50 OK
r-release-linux-x86_64 4.4 13.24 264.97 278.21 OK
r-release-windows-ix86+x86_64 4.4 27.00 335.00 362.00 OK
r-release-osx-x86_64 4.4 WARN
r-oldrel-windows-ix86+x86_64 4.4 16.00 253.00 269.00 OK
r-oldrel-osx-x86_64 4.4 OK

Check Details

Version: 4.4
Check: whether package can be installed
Result: WARN
    Found the following significant warnings:
     Warning: 'rgl_init' failed, running with rgl.useNULL = TRUE
Flavor: r-release-osx-x86_64