CRAN Package Check Results for Package momentuHMM

Last updated on 2019-07-16 00:48:16 CEST.

Flavor Version Tinstall Tcheck Ttotal Status Flags
r-devel-linux-x86_64-debian-clang 1.4.3 98.65 312.19 410.84 OK
r-devel-linux-x86_64-debian-gcc 1.4.3 84.89 248.91 333.80 OK
r-devel-linux-x86_64-fedora-clang 1.4.3 515.91 NOTE
r-devel-linux-x86_64-fedora-gcc 1.4.3 513.68 OK
r-devel-windows-ix86+x86_64 1.4.3 282.00 652.00 934.00 NOTE
r-patched-linux-x86_64 1.4.3 99.71 317.01 416.72 OK
r-patched-solaris-x86 1.4.3 642.30 OK
r-release-linux-x86_64 1.4.3 96.77 312.77 409.54 OK
r-release-windows-ix86+x86_64 1.4.3 189.00 484.00 673.00 NOTE
r-release-osx-x86_64 1.4.3 NOTE
r-oldrel-windows-ix86+x86_64 1.4.3 214.00 559.00 773.00 NOTE
r-oldrel-osx-x86_64 1.4.3 NOTE

Check Details

Version: 1.4.3
Check: installed package size
Result: NOTE
     installed size is 7.0Mb
     sub-directories of 1Mb or more:
     data 1.2Mb
     doc 1.8Mb
     libs 3.1Mb
Flavors: r-devel-linux-x86_64-fedora-clang, r-devel-windows-ix86+x86_64, r-release-windows-ix86+x86_64, r-release-osx-x86_64, r-oldrel-windows-ix86+x86_64, r-oldrel-osx-x86_64