CRAN Package Check Results for Package momentuHMM

Last updated on 2019-10-23 00:47:56 CEST.

Flavor Version Tinstall Tcheck Ttotal Status Flags
r-devel-linux-x86_64-debian-clang 1.4.3 112.90 316.69 429.59 OK
r-devel-linux-x86_64-debian-gcc 1.4.3 88.07 241.14 329.21 OK
r-devel-linux-x86_64-fedora-clang 1.4.3 542.95 NOTE
r-devel-linux-x86_64-fedora-gcc 1.4.3 526.98 OK
r-devel-windows-ix86+x86_64 1.4.3 236.00 665.00 901.00 NOTE
r-patched-linux-x86_64 1.4.3 90.56 312.95 403.51 OK
r-patched-solaris-x86 1.4.3 603.90 OK
r-release-linux-x86_64 1.4.3 94.38 312.29 406.67 OK
r-release-windows-ix86+x86_64 1.4.3 290.00 472.00 762.00 NOTE
r-release-osx-x86_64 1.4.3 NOTE
r-oldrel-windows-ix86+x86_64 1.4.3 230.00 598.00 828.00 NOTE
r-oldrel-osx-x86_64 1.4.3 NOTE

Check Details

Version: 1.4.3
Check: installed package size
Result: NOTE
     installed size is 7.3Mb
     sub-directories of 1Mb or more:
     data 1.2Mb
     doc 1.8Mb
     libs 3.4Mb
Flavors: r-devel-linux-x86_64-fedora-clang, r-devel-windows-ix86+x86_64, r-release-windows-ix86+x86_64, r-release-osx-x86_64, r-oldrel-windows-ix86+x86_64, r-oldrel-osx-x86_64