CRAN Package Check Results for Package mptools

Last updated on 2019-07-16 00:48:16 CEST.

Flavor Version Tinstall Tcheck Ttotal Status Flags
r-devel-linux-x86_64-debian-clang 1.0.1 10.11 162.45 172.56 OK
r-devel-linux-x86_64-debian-gcc 1.0.1 8.66 128.76 137.42 OK
r-devel-linux-x86_64-fedora-clang 1.0.1 210.28 OK
r-devel-linux-x86_64-fedora-gcc 1.0.1 193.52 OK
r-devel-windows-ix86+x86_64 1.0.1 38.00 226.00 264.00 OK
r-patched-linux-x86_64 1.0.1 9.59 156.51 166.10 OK
r-patched-solaris-x86 1.0.1 357.70 WARN
r-release-linux-x86_64 1.0.1 8.94 155.30 164.24 OK
r-release-windows-ix86+x86_64 1.0.1 21.00 162.00 183.00 OK
r-release-osx-x86_64 1.0.1 OK
r-oldrel-windows-ix86+x86_64 1.0.1 32.00 227.00 259.00 OK
r-oldrel-osx-x86_64 1.0.1 OK

Check Details

Version: 1.0.1
Check: re-building of vignette outputs
Result: WARN
    Error(s) in re-building vignettes:
     ...
    --- re-building ‘intro.Rmd’ using rmarkdown
    Warning in engine$weave(file, quiet = quiet, encoding = enc) :
     Pandoc (>= 1.12.3) and/or pandoc-citeproc not available. Falling back to R Markdown v1.
    Extracting simulation results from file:
    /home/ripley/R/Lib32/mptools/example.mp
    Extracting population metadata from file:
    /home/ripley/R/Lib32/mptools/example.mp
    Extracting simulation results from file:
    /home/ripley/R/Lib32/mptools/example.mp
    rgdal: version: 1.4-4, (SVN revision 833)
     Geospatial Data Abstraction Library extensions to R successfully loaded
     Loaded GDAL runtime: GDAL 2.2.4, released 2018/03/19
     Path to GDAL shared files: /usr/local/share/gdal
     GDAL binary built with GEOS: TRUE
     Loaded PROJ.4 runtime: Rel. 5.2.0, September 15th, 2018, [PJ_VERSION: 520]
     Path to PROJ.4 shared files: (autodetected)
     Linking to sp version: 1.3-1
    Extracting simulation results from file:
    /home/ripley/R/Lib32/mptools/example.mp
    Creating gif animation.
    Output at: dynamics.gif
    Assertion failed: resource_info.memory >= 0, file MagickCore/resource.c, line 1025, function RelinquishMagickResource
Flavor: r-patched-solaris-x86