CRAN Package Check Results for Package msgps

Last updated on 2020-01-22 00:49:02 CET.

Flavor Version Tinstall Tcheck Ttotal Status Flags
r-devel-linux-x86_64-debian-clang 1.3.1 5.18 23.94 29.12 OK
r-devel-linux-x86_64-debian-gcc 1.3.1 3.59 19.45 23.04 OK
r-devel-linux-x86_64-fedora-clang 1.3.1 37.11 NOTE
r-devel-linux-x86_64-fedora-gcc 1.3.1 36.42 NOTE
r-devel-windows-ix86+x86_64 1.3.1 16.00 55.00 71.00 OK
r-devel-windows-ix86+x86_64-gcc8 1.3.1 11.00 56.00 67.00 OK
r-patched-linux-x86_64 1.3.1 3.90 22.43 26.33 OK
r-patched-solaris-x86 1.3.1 52.40 OK
r-release-linux-x86_64 1.3.1 4.70 22.49 27.19 OK
r-release-windows-ix86+x86_64 1.3.1 10.00 54.00 64.00 OK
r-release-osx-x86_64 1.3.1 OK
r-oldrel-windows-ix86+x86_64 1.3.1 8.00 40.00 48.00 WARN
r-oldrel-osx-x86_64 1.3.1 OK

Check Details

Version: 1.3.1
Check: compiled code
Result: NOTE
    File ‘msgps/libs/msgps.so’:
     Found no calls to: ‘R_registerRoutines’, ‘R_useDynamicSymbols’
    
    It is good practice to register native routines and to disable symbol
    search.
    
    See ‘Writing portable packages’ in the ‘Writing R Extensions’ manual.
Flavors: r-devel-linux-x86_64-fedora-clang, r-devel-linux-x86_64-fedora-gcc

Version: 1.3.1
Check: whether package can be installed
Result: WARN
    Found the following significant warnings:
     Warning: unable to re-encode 'dfgps.R' line 51
     Warning: unable to re-encode 'msgps.R' line 98
     Warning: unable to re-encode 'plot.msgps.R' line 60
     Warning: unable to re-encode 'print.msgps.R' line 36
     Warning: unable to re-encode 'summary.msgps.R' line 45
Flavor: r-oldrel-windows-ix86+x86_64