CRAN Package Check Results for Package mssm

Last updated on 2020-01-22 00:49:02 CET.

Flavor Version Tinstall Tcheck Ttotal Status Flags
r-devel-linux-x86_64-debian-clang 0.1.3 354.42 58.80 413.22 OK
r-devel-linux-x86_64-debian-gcc 0.1.3 260.66 45.34 306.00 OK
r-devel-linux-x86_64-fedora-clang 0.1.3 580.71 NOTE
r-devel-linux-x86_64-fedora-gcc 0.1.3 581.94 OK
r-devel-windows-ix86+x86_64 0.1.3 896.00 185.00 1081.00 NOTE
r-devel-windows-ix86+x86_64-gcc8 0.1.3 960.00 198.00 1158.00 NOTE
r-patched-linux-x86_64 0.1.3 289.92 55.26 345.18 OK
r-patched-solaris-x86 0.1.3 442.10 OK
r-release-linux-x86_64 0.1.3 289.19 55.06 344.25 OK
r-release-windows-ix86+x86_64 0.1.3 683.00 227.00 910.00 NOTE
r-release-osx-x86_64 0.1.3 NOTE
r-oldrel-windows-ix86+x86_64 0.1.3 680.00 183.00 863.00 NOTE
r-oldrel-osx-x86_64 0.1.3 NOTE

Check Details

Version: 0.1.3
Check: installed package size
Result: NOTE
     installed size is 18.1Mb
     sub-directories of 1Mb or more:
     help 1.0Mb
     libs 17.0Mb
Flavors: r-devel-linux-x86_64-fedora-clang, r-devel-windows-ix86+x86_64, r-devel-windows-ix86+x86_64-gcc8, r-release-windows-ix86+x86_64, r-release-osx-x86_64, r-oldrel-windows-ix86+x86_64, r-oldrel-osx-x86_64