CRAN Package Check Results for Package mssm

Last updated on 2019-08-26 00:47:29 CEST.

Flavor Version Tinstall Tcheck Ttotal Status Flags
r-devel-linux-x86_64-debian-clang 0.1.2 292.74 60.49 353.23 OK
r-devel-linux-x86_64-debian-gcc 0.1.2 259.27 46.71 305.98 OK
r-devel-linux-x86_64-fedora-clang 0.1.2 574.25 NOTE
r-devel-linux-x86_64-fedora-gcc 0.1.2 575.36 OK
r-devel-windows-ix86+x86_64 0.1.2 883.00 188.00 1071.00 NOTE
r-patched-linux-x86_64 0.1.2 280.85 59.80 340.65 OK
r-patched-solaris-x86 0.1.2 409.80 OK
r-release-linux-x86_64 0.1.2 278.93 60.60 339.53 OK
r-release-windows-ix86+x86_64 0.1.2 922.00 229.00 1151.00 NOTE
r-release-osx-x86_64 0.1.2 NOTE
r-oldrel-windows-ix86+x86_64 0.1.2 510.00 224.00 734.00 NOTE
r-oldrel-osx-x86_64 0.1.2 NOTE

Check Details

Version: 0.1.2
Check: installed package size
Result: NOTE
     installed size is 17.9Mb
     sub-directories of 1Mb or more:
     help 1.0Mb
     libs 16.8Mb
Flavors: r-devel-linux-x86_64-fedora-clang, r-devel-windows-ix86+x86_64, r-release-windows-ix86+x86_64, r-release-osx-x86_64, r-oldrel-windows-ix86+x86_64, r-oldrel-osx-x86_64