CRAN Package Check Results for Package multicastR

Last updated on 2019-08-19 00:46:28 CEST.

Flavor Version Tinstall Tcheck Ttotal Status Flags
r-devel-linux-x86_64-debian-clang 1.2.0 3.95 29.14 33.09 OK
r-devel-linux-x86_64-debian-gcc 1.2.0 3.04 22.61 25.65 OK
r-devel-linux-x86_64-fedora-clang 1.2.0 39.97 NOTE
r-devel-linux-x86_64-fedora-gcc 1.2.0 36.16 NOTE
r-devel-windows-ix86+x86_64 1.2.0 13.00 54.00 67.00 OK
r-patched-linux-x86_64 1.2.0 2.95 28.12 31.07 OK
r-patched-solaris-x86 1.2.0 56.60 NOTE
r-release-linux-x86_64 1.2.0 3.42 28.24 31.66 OK
r-release-windows-ix86+x86_64 1.2.0 7.00 38.00 45.00 OK
r-release-osx-x86_64 1.2.0 NOTE
r-oldrel-windows-ix86+x86_64 1.2.0 7.00 52.00 59.00 OK
r-oldrel-osx-x86_64 1.2.0 NOTE

Check Details

Version: 1.2.0
Check: dependencies in R code
Result: NOTE
    Namespace in Imports field not imported from: ‘curl’
     All declared Imports should be used.
Flavors: r-devel-linux-x86_64-fedora-clang, r-devel-linux-x86_64-fedora-gcc, r-patched-solaris-x86, r-release-osx-x86_64, r-oldrel-osx-x86_64