CRAN Package Check Results for Package multicon

Last updated on 2019-11-22 00:49:18 CET.

Flavor Version Tinstall Tcheck Ttotal Status Flags
r-devel-linux-x86_64-debian-clang 1.6 6.66 103.86 110.52 NOTE
r-devel-linux-x86_64-debian-gcc 1.6 5.92 77.62 83.54 NOTE
r-devel-linux-x86_64-fedora-clang 1.6 126.20 NOTE
r-devel-linux-x86_64-fedora-gcc 1.6 124.25 NOTE
r-devel-windows-ix86+x86_64 1.6 22.00 161.00 183.00 NOTE
r-devel-windows-ix86+x86_64-gcc8 1.6 20.00 107.00 127.00 NOTE
r-patched-linux-x86_64 1.6 6.75 96.77 103.52 NOTE
r-patched-solaris-x86 1.6 172.00 NOTE
r-release-linux-x86_64 1.6 7.50 96.94 104.44 NOTE
r-release-windows-ix86+x86_64 1.6 25.00 155.00 180.00 NOTE
r-release-osx-x86_64 1.6 NOTE
r-oldrel-windows-ix86+x86_64 1.6 8.00 140.00 148.00 NOTE
r-oldrel-osx-x86_64 1.6 NOTE

Check Details

Version: 1.6
Check: R code for possible problems
Result: NOTE
    MTMM: no visible global function definition for 'cor'
    MTMM : <anonymous>: no visible global function definition for 'cor'
    Profile.ICC : <anonymous>: no visible global function definition for
     'na.omit'
    Profile.r: no visible global function definition for 'cor'
    Profile.r: no visible global function definition for 't.test'
    Profile.r.rep: no visible global function definition for 'cov'
    alpha.aci: no visible global function definition for 'qnorm'
    alpha.xci: no visible global function definition for 'qf'
    aov1way: no visible global function definition for 'pf'
    bargraph : se: no visible global function definition for 'na.omit'
    bargraph : se: no visible global function definition for 'var'
    bargraph : ci: no visible global function definition for 'na.omit'
    bargraph : ci: no visible global function definition for 'qt'
    bargraph: no visible global function definition for 'na.omit'
    bargraph: no visible global function definition for 'barplot'
    bargraph: no visible global function definition for 'arrows'
    bargraph: no visible global function definition for 'complete.cases'
    catseye : se: no visible global function definition for 'na.omit'
    catseye : se: no visible global function definition for 'var'
    catseye : ci: no visible global function definition for 'na.omit'
    catseye : ci: no visible global function definition for 'qt'
    catseye: no visible global function definition for 'na.omit'
    catseye: no visible global function definition for 'plot'
    catseye: no visible global function definition for 'qnorm'
    catseye: no visible global function definition for 'polygon'
    catseye: no visible global function definition for 'dnorm'
    catseye: no visible global function definition for 'points'
    catseye: no visible global function definition for 'arrows'
    catseye: no visible global function definition for 'lines'
    catseye: no visible global function definition for 'axis'
    catseye: no visible global function definition for 'complete.cases'
    catseye : <anonymous>: no visible global function definition for
     'qnorm'
    cor.comb: no visible global function definition for 'cor'
    cor.comb: no visible global function definition for 'median'
    cor.comb: no visible global function definition for 'quantile'
    cor.comb: no visible global function definition for 'pnorm'
    cor.comb: no visible global function definition for 'sd'
    cor.comb: no visible global function definition for 'qnorm'
    cor.comb: no visible global function definition for 'cor.test'
    cor.comb.rep: no visible global function definition for 'cor'
    cor.comb.rep: no visible global function definition for 'sd'
    cor.comb.rep: no visible global function definition for 'quantile'
    decomp: no visible global function definition for 'pf'
    decomp: no visible global function definition for 'cor'
    describe.r: no visible global function definition for 'sd'
    describe.r: no visible global function definition for 'median'
    describe.r: no visible global function definition for 'mad'
    describe.r: no visible binding for global variable 'sd'
    describe.r: no visible binding for global variable 'median'
    describe.r: no visible binding for global variable 'mad'
    diffPlot.default : se: no visible global function definition for
     'na.omit'
    diffPlot.default : se: no visible global function definition for 'var'
    diffPlot.default : ci: no visible global function definition for
     'na.omit'
    diffPlot.default : ci: no visible global function definition for 'qt'
    diffPlot.default: no visible global function definition for 'na.omit'
    diffPlot.default: no visible binding for global variable 'var'
    diffPlot.default: no visible global function definition for 'qt'
    diffPlot.default: no visible global function definition for 'sd'
    diffPlot.default: no visible global function definition for 'plot'
    diffPlot.default: no visible global function definition for 'arrows'
    diffPlot.default: no visible global function definition for 'axTicks'
    diffPlot.default: no visible global function definition for 'median'
    diffPlot.default: no visible global function definition for 'axis'
    diffPlot.formula : se: no visible global function definition for
     'na.omit'
    diffPlot.formula : se: no visible global function definition for 'var'
    diffPlot.formula : ci: no visible global function definition for
     'na.omit'
    diffPlot.formula : ci: no visible global function definition for 'qt'
    diffPlot.formula: no visible global function definition for
     'model.frame'
    diffPlot.formula: no visible global function definition for 'na.omit'
    diffPlot.formula: no visible binding for global variable 'var'
    diffPlot.formula: no visible global function definition for 'qt'
    diffPlot.formula: no visible global function definition for 'par'
    diffPlot.formula: no visible global function definition for 'plot'
    diffPlot.formula: no visible global function definition for 'arrows'
    diffPlot.formula: no visible global function definition for 'axTicks'
    diffPlot.formula: no visible global function definition for 'median'
    diffPlot.formula: no visible global function definition for 'axis'
    e.bars: no visible global function definition for 'arrows'
    egraph : se: no visible global function definition for 'na.omit'
    egraph : se: no visible global function definition for 'var'
    egraph : ci: no visible global function definition for 'na.omit'
    egraph : ci: no visible global function definition for 'qt'
    egraph: no visible global function definition for 'na.omit'
    egraph: no visible global function definition for 'plot'
    egraph: no visible global function definition for 'arrows'
    egraph: no visible global function definition for 'axis'
    egraph: no visible global function definition for 'complete.cases'
    horn: no visible global function definition for 'cor'
    horn: no visible global function definition for 'par'
    horn: no visible global function definition for 'plot'
    horn: no visible global function definition for 'lines'
    horn: no visible global function definition for 'legend'
    inner.outer: no visible global function definition for 'cor'
    item.ICC : <anonymous>: no visible global function definition for
     'na.omit'
    item.resid: no visible binding for global variable 'sd'
    lensModel : <anonymous>: no visible global function definition for 'lm'
    lensModel : <anonymous>: no visible global function definition for
     'as.formula'
    lensModel: no visible binding for global variable 'coef'
    lensModel : <anonymous>: no visible global function definition for
     'coef'
    lensModel: no visible global function definition for 'cor'
    lin.coef: no visible global function definition for 'complete.cases'
    lin.coef: no visible global function definition for 'cor'
    lin.coef: no visible global function definition for 'sd'
    n4rci: no visible global function definition for 'qnorm'
    n4rci: no visible global function definition for 'pnorm'
    partwhole: no visible global function definition for 'combn'
    partwhole: no visible global function definition for 'cor'
    plotProfile: no visible global function definition for 'plot'
    plotProfile: no visible global function definition for 'lines'
    plotProfile: no visible global function definition for 'axis'
    plotProfile: no visible global function definition for 'text'
    plotProfile: no visible global function definition for 'par'
    plotProfile : <anonymous>: no visible global function definition for
     'abline'
    popsd: no visible global function definition for 'var'
    print.q.cor: no visible global function definition for 'write.table'
    q.cor: no visible global function definition for 'complete.cases'
    q.cor: no visible global function definition for 'cor'
    rand.test: no visible global function definition for 'complete.cases'
    rand.test: no visible global function definition for 'qt'
    rand.test: no visible global function definition for 'cor'
    rand.test: no visible global function definition for 'sd'
    rand.test: no visible global function definition for 'quantile'
    rand.test: no visible global function definition for 'qnorm'
    rand.test: no visible global function definition for 'par'
    rand.test: no visible global function definition for 'hist'
    rand.test: no visible global function definition for 'abline'
    rand.test: no visible global function definition for 'points'
    scale2: no visible binding for global variable 'sd'
    sig.r: no visible global function definition for 'qt'
    splithalf.r: no visible global function definition for 'cor'
    splithalf.r: no visible global function definition for 'sd'
    splithalf.r: no visible global function definition for 'hist'
    splithalf.r: no visible global function definition for 'abline'
    tContrast.default: no visible global function definition for
     'complete.cases'
    tContrast.default: no visible binding for global variable 'var'
    tContrast.default: no visible global function definition for 'qt'
    tContrast.default: no visible global function definition for 'pt'
    tContrast.formula: no visible global function definition for
     'model.frame'
    tContrast.formula: no visible global function definition for 'na.omit'
    tContrast.formula: no visible binding for global variable 'var'
    tContrast.formula: no visible global function definition for 'qt'
    tContrast.formula: no visible global function definition for 'pt'
    temp.match: no visible global function definition for 'cor'
    temp.match.rep: no visible global function definition for 'cov'
    vector.alpha: no visible global function definition for
     'complete.cases'
    vector.alpha: no visible global function definition for 'cov'
    vector.alpha: no visible global function definition for 'cor'
    vector.alpha: no visible global function definition for 'var'
    vector.splithalf: no visible global function definition for
     'complete.cases'
    vector.splithalf: no visible global function definition for 'cor'
    vector.splithalf: no visible global function definition for 'par'
    vector.splithalf: no visible global function definition for 'hist'
    vector.splithalf: no visible global function definition for 'abline'
    vector.splithalf: no visible global function definition for 'quantile'
    vector.splithalf: no visible global function definition for 'sd'
    winvar: no visible global function definition for 'var'
    yuenContrast.default: no visible global function definition for
     'complete.cases'
    yuenContrast.default: no visible global function definition for 'qt'
    yuenContrast.default: no visible global function definition for 'pt'
    yuenContrast.formula: no visible global function definition for
     'model.frame'
    yuenContrast.formula: no visible global function definition for
     'na.omit'
    yuenContrast.formula: no visible global function definition for 'qt'
    yuenContrast.formula: no visible global function definition for 'pt'
    Undefined global functions or variables:
     abline arrows as.formula axTicks axis barplot coef combn
     complete.cases cor cor.test cov dnorm hist legend lines lm mad median
     model.frame na.omit par pf plot pnorm points polygon pt qf qnorm qt
     quantile sd t.test text var write.table
    Consider adding
     importFrom("graphics", "abline", "arrows", "axTicks", "axis",
     "barplot", "hist", "legend", "lines", "par", "plot",
     "points", "polygon", "text")
     importFrom("stats", "as.formula", "coef", "complete.cases", "cor",
     "cor.test", "cov", "dnorm", "lm", "mad", "median",
     "model.frame", "na.omit", "pf", "pnorm", "pt", "qf",
     "qnorm", "qt", "quantile", "sd", "t.test", "var")
     importFrom("utils", "combn", "write.table")
    to your NAMESPACE file.
Flavors: r-devel-linux-x86_64-debian-clang, r-devel-linux-x86_64-debian-gcc, r-devel-linux-x86_64-fedora-clang, r-devel-linux-x86_64-fedora-gcc, r-devel-windows-ix86+x86_64, r-devel-windows-ix86+x86_64-gcc8, r-patched-linux-x86_64, r-patched-solaris-x86, r-release-linux-x86_64, r-release-windows-ix86+x86_64, r-release-osx-x86_64, r-oldrel-windows-ix86+x86_64, r-oldrel-osx-x86_64