CRAN Package Check Results for Package mumm

Last updated on 2019-07-16 00:48:17 CEST.

Flavor Version Tinstall Tcheck Ttotal Status Flags
r-devel-linux-x86_64-debian-clang 0.2.1 101.76 62.00 163.76 OK
r-devel-linux-x86_64-debian-gcc 0.2.1 82.26 50.18 132.44 OK
r-devel-linux-x86_64-fedora-clang 0.2.1 221.29 NOTE
r-devel-linux-x86_64-fedora-gcc 0.2.1 229.69 OK
r-devel-windows-ix86+x86_64 0.2.1 194.00 98.00 292.00 NOTE
r-patched-linux-x86_64 0.2.1 94.44 62.28 156.72 OK
r-patched-solaris-x86 0.2.1 216.80 OK
r-release-linux-x86_64 0.2.1 88.98 62.12 151.10 OK
r-release-windows-ix86+x86_64 0.2.1 160.00 147.00 307.00 NOTE
r-release-osx-x86_64 0.2.1 NOTE
r-oldrel-windows-ix86+x86_64 0.2.1 188.00 103.00 291.00 NOTE
r-oldrel-osx-x86_64 0.2.1 NOTE

Check Details

Version: 0.2.1
Check: installed package size
Result: NOTE
     installed size is 27.2Mb
     sub-directories of 1Mb or more:
     libs 27.1Mb
Flavors: r-devel-linux-x86_64-fedora-clang, r-devel-windows-ix86+x86_64, r-release-windows-ix86+x86_64, r-release-osx-x86_64, r-oldrel-windows-ix86+x86_64, r-oldrel-osx-x86_64