CRAN Package Check Results for Package mumm

Last updated on 2019-11-12 00:52:48 CET.

Flavor Version Tinstall Tcheck Ttotal Status Flags
r-devel-linux-x86_64-debian-clang 0.2.1 101.79 63.22 165.01 OK
r-devel-linux-x86_64-debian-gcc 0.2.1 94.22 50.23 144.45 OK
r-devel-linux-x86_64-fedora-clang 0.2.1 231.79 NOTE
r-devel-linux-x86_64-fedora-gcc 0.2.1 231.99 OK
r-devel-windows-ix86+x86_64 0.2.1 153.00 111.00 264.00 NOTE
r-patched-linux-x86_64 0.2.1 87.53 61.65 149.18 OK
r-patched-solaris-x86 0.2.1 212.90 OK
r-release-linux-x86_64 0.2.1 83.88 61.66 145.54 OK
r-release-windows-ix86+x86_64 0.2.1 191.00 111.00 302.00 NOTE
r-release-osx-x86_64 0.2.1 NOTE
r-oldrel-windows-ix86+x86_64 0.2.1 182.00 110.00 292.00 NOTE
r-oldrel-osx-x86_64 0.2.1 NOTE

Check Details

Version: 0.2.1
Check: installed package size
Result: NOTE
     installed size is 27.9Mb
     sub-directories of 1Mb or more:
     libs 27.7Mb
Flavors: r-devel-linux-x86_64-fedora-clang, r-devel-windows-ix86+x86_64, r-release-windows-ix86+x86_64, r-release-osx-x86_64, r-oldrel-windows-ix86+x86_64, r-oldrel-osx-x86_64