CRAN Package Check Results for Package mutoss

Last updated on 2019-08-20 00:50:51 CEST.

Flavor Version Tinstall Tcheck Ttotal Status Flags
r-devel-linux-x86_64-debian-clang 0.1-12 12.28 102.77 115.05 OK
r-devel-linux-x86_64-debian-gcc 0.1-12 10.45 82.03 92.48 OK
r-devel-linux-x86_64-fedora-clang 0.1-12 138.22 OK
r-devel-linux-x86_64-fedora-gcc 0.1-12 138.59 OK
r-devel-windows-ix86+x86_64 0.1-12 32.00 162.00 194.00 OK
r-patched-linux-x86_64 0.1-12 12.09 101.12 113.21 OK
r-patched-solaris-x86 0.1-12 208.70 OK
r-release-linux-x86_64 0.1-12 11.78 101.02 112.80 OK
r-release-windows-ix86+x86_64 0.1-12 17.00 115.00 132.00 OK
r-release-osx-x86_64 0.1-12 ERROR
r-oldrel-windows-ix86+x86_64 0.1-12 21.00 156.00 177.00 OK
r-oldrel-osx-x86_64 0.1-12 OK

Check Details

Version: 0.1-12
Check: package dependencies
Result: ERROR
    Package required but not available: ‘multtest’
    
    Package suggested but not available for checking: ‘qvalue’
    
    See section ‘The DESCRIPTION file’ in the ‘Writing R Extensions’
    manual.
Flavor: r-release-osx-x86_64