CRAN Package Check Results for Package mutossGUI

Last updated on 2019-09-21 00:52:46 CEST.

Flavor Version Tinstall Tcheck Ttotal Status Flags
r-devel-linux-x86_64-debian-clang 0.1-11 9.32 79.28 88.60 OK
r-devel-linux-x86_64-debian-gcc 0.1-11 8.13 65.11 73.24 OK
r-devel-linux-x86_64-fedora-clang 0.1-11 108.66 OK
r-devel-linux-x86_64-fedora-gcc 0.1-11 121.89 OK
r-devel-windows-ix86+x86_64 0.1-11 17.00 4.00 21.00 ERROR
r-patched-linux-x86_64 0.1-11 8.47 77.45 85.92 OK
r-patched-solaris-x86 0.1-11 183.40 OK
r-release-linux-x86_64 0.1-11 8.84 78.19 87.03 OK
r-release-windows-ix86+x86_64 0.1-11 21.00 96.00 117.00 OK
r-release-osx-x86_64 0.1-11 ERROR
r-oldrel-windows-ix86+x86_64 0.1-11 12.00 82.00 94.00 OK
r-oldrel-osx-x86_64 0.1-11 OK

Check Details

Version: 0.1-11
Check: whether package can be installed
Result: ERROR
    Installation failed.
Flavor: r-devel-windows-ix86+x86_64

Version: 0.1-11
Check: package dependencies
Result: ERROR
    Package required but not available: ‘mutoss’
    
    See section ‘The DESCRIPTION file’ in the ‘Writing R Extensions’
    manual.
Flavor: r-release-osx-x86_64