CRAN Package Check Results for Package mvnfast

Last updated on 2019-01-19 00:46:34 CET.

Flavor Version Tinstall Tcheck Ttotal Status Flags
r-devel-linux-x86_64-debian-clang 0.2.5 86.69 231.29 317.98 NOTE
r-devel-linux-x86_64-debian-gcc 0.2.5 84.59 184.42 269.01 NOTE
r-devel-linux-x86_64-fedora-clang 0.2.5 427.41 NOTE
r-devel-linux-x86_64-fedora-gcc 0.2.5 387.47 NOTE
r-devel-windows-ix86+x86_64 0.2.5 265.00 415.00 680.00 NOTE
r-patched-linux-x86_64 0.2.5 107.52 209.39 316.91 OK
r-patched-solaris-x86 0.2.5 387.10 OK --no-vignettes
r-release-linux-x86_64 0.2.5 103.50 212.87 316.37 OK
r-release-windows-ix86+x86_64 0.2.5 259.00 413.00 672.00 OK
r-release-osx-x86_64 0.2.5 OK
r-oldrel-windows-ix86+x86_64 0.2.5 262.00 381.00 643.00 OK
r-oldrel-osx-x86_64 0.2.5 OK

Check Details

Version: 0.2.5
Check: line endings in C/C++/Fortran sources/headers
Result: NOTE
    Found the following sources/headers not terminated with a newline:
     src/sitmo/sitmo.hpp
    Some compilers warn on such files.
Flavors: r-devel-linux-x86_64-debian-clang, r-devel-linux-x86_64-debian-gcc, r-devel-linux-x86_64-fedora-clang, r-devel-linux-x86_64-fedora-gcc, r-devel-windows-ix86+x86_64