CRAN Package Check Results for Package mvnfast

Last updated on 2019-07-16 00:48:17 CEST.

Flavor Version Tinstall Tcheck Ttotal Status Flags
r-devel-linux-x86_64-debian-clang 0.2.5 84.15 245.94 330.09 NOTE
r-devel-linux-x86_64-debian-gcc 0.2.5 77.28 172.54 249.82 NOTE
r-devel-linux-x86_64-fedora-clang 0.2.5 426.16 NOTE
r-devel-linux-x86_64-fedora-gcc 0.2.5 382.09 NOTE
r-devel-windows-ix86+x86_64 0.2.5 273.00 316.00 589.00 NOTE
r-patched-linux-x86_64 0.2.5 93.22 209.45 302.67 NOTE
r-patched-solaris-x86 0.2.5 401.50 NOTE --no-vignettes
r-release-linux-x86_64 0.2.5 93.36 209.23 302.59 NOTE
r-release-windows-ix86+x86_64 0.2.5 211.00 418.00 629.00 NOTE
r-release-osx-x86_64 0.2.5 NOTE
r-oldrel-windows-ix86+x86_64 0.2.5 276.00 335.00 611.00 OK
r-oldrel-osx-x86_64 0.2.5 OK

Check Details

Version: 0.2.5
Check: line endings in C/C++/Fortran sources/headers
Result: NOTE
    Found the following sources/headers not terminated with a newline:
     src/sitmo/sitmo.hpp
    Some compilers warn on such files.
Flavors: r-devel-linux-x86_64-debian-clang, r-devel-linux-x86_64-debian-gcc, r-devel-linux-x86_64-fedora-clang, r-devel-linux-x86_64-fedora-gcc, r-devel-windows-ix86+x86_64, r-patched-linux-x86_64, r-release-linux-x86_64, r-release-windows-ix86+x86_64, r-release-osx-x86_64

Version: 0.2.5
Flags: --no-vignettes
Check: line endings in C/C++/Fortran sources/headers
Result: NOTE
    Found the following sources/headers not terminated with a newline:
     src/sitmo/sitmo.hpp
    Some compilers warn on such files.
Flavor: r-patched-solaris-x86