CRAN Package Check Results for Package mvnfast

Last updated on 2018-01-22 00:47:09 CET.

Flavor Version Tinstall Tcheck Ttotal Status Flags
r-devel-linux-x86_64-debian-clang 0.2.4 83.32 219.90 303.22 OK
r-devel-linux-x86_64-debian-gcc 0.2.4 78.67 168.15 246.82 OK
r-devel-linux-x86_64-fedora-clang 0.2.4 421.05 OK
r-devel-linux-x86_64-fedora-gcc 0.2.4 387.54 NOTE
r-devel-windows-ix86+x86_64 0.2.4 243.00 360.00 603.00 OK
r-patched-linux-x86_64 0.2.4 95.84 243.72 339.56 OK
r-patched-solaris-x86 0.2.4 371.40 OK --no-vignettes
r-release-linux-x86_64 0.2.4 91.28 243.26 334.54 OK
r-release-windows-ix86+x86_64 0.2.4 277.00 430.00 707.00 OK
r-release-osx-x86_64 0.2.4 OK
r-oldrel-windows-ix86+x86_64 0.2.4 256.00 369.00 625.00 OK
r-oldrel-osx-x86_64 0.2.4 OK

Check Details

Version: 0.2.4
Check: installed package size
Result: NOTE
     installed size is 5.8Mb
     sub-directories of 1Mb or more:
     libs 5.5Mb
Flavor: r-devel-linux-x86_64-fedora-gcc