CRAN Package Check Results for Package mvnfast

Last updated on 2019-10-15 00:50:00 CEST.

Flavor Version Tinstall Tcheck Ttotal Status Flags
r-devel-linux-x86_64-debian-clang 0.2.5 106.06 238.79 344.85 NOTE
r-devel-linux-x86_64-debian-gcc 0.2.5 78.92 166.68 245.60 NOTE
r-devel-linux-x86_64-fedora-clang 0.2.5 447.46 NOTE
r-devel-linux-x86_64-fedora-gcc 0.2.5 397.48 NOTE
r-devel-windows-ix86+x86_64 0.2.5 212.00 441.00 653.00 NOTE
r-patched-linux-x86_64 0.2.5 85.92 199.88 285.80 NOTE
r-patched-solaris-x86 0.2.5 382.60 NOTE --no-vignettes
r-release-linux-x86_64 0.2.5 91.48 200.99 292.47 NOTE
r-release-windows-ix86+x86_64 0.2.5 281.00 340.00 621.00 NOTE
r-release-osx-x86_64 0.2.5 NOTE
r-oldrel-windows-ix86+x86_64 0.2.5 189.00 335.00 524.00 OK
r-oldrel-osx-x86_64 0.2.5 OK

Check Details

Version: 0.2.5
Check: line endings in C/C++/Fortran sources/headers
Result: NOTE
    Found the following sources/headers not terminated with a newline:
     src/sitmo/sitmo.hpp
    Some compilers warn on such files.
Flavors: r-devel-linux-x86_64-debian-clang, r-devel-linux-x86_64-debian-gcc, r-devel-linux-x86_64-fedora-clang, r-devel-linux-x86_64-fedora-gcc, r-devel-windows-ix86+x86_64, r-patched-linux-x86_64, r-release-linux-x86_64, r-release-windows-ix86+x86_64, r-release-osx-x86_64

Version: 0.2.5
Flags: --no-vignettes
Check: line endings in C/C++/Fortran sources/headers
Result: NOTE
    Found the following sources/headers not terminated with a newline:
     src/sitmo/sitmo.hpp
    Some compilers warn on such files.
Flavor: r-patched-solaris-x86