CRAN Package Check Results for Package mvnfast

Last updated on 2018-04-23 00:46:55 CEST.

Flavor Version Tinstall Tcheck Ttotal Status Flags
r-devel-linux-x86_64-debian-clang 0.2.5 81.17 222.66 303.83 OK
r-devel-linux-x86_64-debian-gcc 0.2.5 79.64 169.54 249.18 OK
r-devel-linux-x86_64-fedora-clang 0.2.5 421.01 OK
r-devel-linux-x86_64-fedora-gcc 0.2.5 355.31 NOTE
r-devel-windows-ix86+x86_64 0.2.5 260.00 329.00 589.00 OK
r-devel-osx-x86_64 0.2.5 OK
r-patched-linux-x86_64 0.2.5 97.76 206.27 304.03 OK
r-patched-solaris-x86 0.2.5 373.00 OK --no-vignettes
r-release-linux-x86_64 0.2.5 92.98 235.76 328.74 OK
r-release-windows-ix86+x86_64 0.2.5 205.00 389.00 594.00 OK
r-release-osx-x86_64 0.2.5 OK
r-oldrel-windows-ix86+x86_64 0.2.5 262.00 368.00 630.00 OK

Check Details

Version: 0.2.5
Check: installed package size
Result: NOTE
     installed size is 5.6Mb
     sub-directories of 1Mb or more:
     libs 5.3Mb
Flavor: r-devel-linux-x86_64-fedora-gcc