CRAN Package Check Results for Package mztwinreg

Last updated on 2019-11-22 00:49:19 CET.

Flavor Version Tinstall Tcheck Ttotal Status Flags
r-devel-linux-x86_64-debian-clang 1.0-1 13.25 101.13 114.38 NOTE
r-devel-linux-x86_64-debian-gcc 1.0-1 9.90 83.10 93.00 NOTE
r-devel-linux-x86_64-fedora-clang 1.0-1 139.28 NOTE
r-devel-linux-x86_64-fedora-gcc 1.0-1 132.21 NOTE
r-devel-windows-ix86+x86_64 1.0-1 52.00 157.00 209.00 NOTE
r-devel-windows-ix86+x86_64-gcc8 1.0-1 45.00 108.00 153.00 NOTE
r-patched-linux-x86_64 1.0-1 10.23 94.04 104.27 NOTE
r-patched-solaris-x86 1.0-1 199.90 NOTE
r-release-linux-x86_64 1.0-1 11.07 93.19 104.26 NOTE
r-release-windows-ix86+x86_64 1.0-1 41.00 146.00 187.00 NOTE
r-release-osx-x86_64 1.0-1 NOTE
r-oldrel-windows-ix86+x86_64 1.0-1 16.00 103.00 119.00 NOTE
r-oldrel-osx-x86_64 1.0-1 NOTE

Check Details

Version: 1.0-1
Check: R code for possible problems
Result: NOTE
    abs_dif: no visible global function definition for 'as.formula'
    env_dif: no visible global function definition for 'lm'
    env_dif: no visible global function definition for 'as.formula'
    env_dif_logistic: no visible global function definition for
     'as.formula'
    fam_env: no visible global function definition for 'as.formula'
    log_dif: no visible global function definition for 'as.formula'
    Undefined global functions or variables:
     as.formula lm
    Consider adding
     importFrom("stats", "as.formula", "lm")
    to your NAMESPACE file.
Flavors: r-devel-linux-x86_64-debian-clang, r-devel-linux-x86_64-debian-gcc, r-devel-linux-x86_64-fedora-clang, r-devel-linux-x86_64-fedora-gcc, r-devel-windows-ix86+x86_64, r-devel-windows-ix86+x86_64-gcc8, r-patched-linux-x86_64, r-patched-solaris-x86, r-release-linux-x86_64, r-release-windows-ix86+x86_64, r-release-osx-x86_64, r-oldrel-windows-ix86+x86_64, r-oldrel-osx-x86_64