CRAN Package Check Results for Package mztwinreg

Last updated on 2019-07-16 00:48:17 CEST.

Flavor Version Tinstall Tcheck Ttotal Status Flags
r-devel-linux-x86_64-debian-clang 1.0-1 11.35 98.56 109.91 NOTE
r-devel-linux-x86_64-debian-gcc 1.0-1 9.00 79.11 88.11 NOTE
r-devel-linux-x86_64-fedora-clang 1.0-1 130.29 NOTE
r-devel-linux-x86_64-fedora-gcc 1.0-1 122.94 NOTE
r-devel-windows-ix86+x86_64 1.0-1 46.00 102.00 148.00 NOTE
r-patched-linux-x86_64 1.0-1 10.75 95.79 106.54 NOTE
r-patched-solaris-x86 1.0-1 201.20 NOTE
r-release-linux-x86_64 1.0-1 10.76 95.51 106.27 NOTE
r-release-windows-ix86+x86_64 1.0-1 27.00 166.00 193.00 NOTE
r-release-osx-x86_64 1.0-1 NOTE
r-oldrel-windows-ix86+x86_64 1.0-1 23.00 97.00 120.00 NOTE
r-oldrel-osx-x86_64 1.0-1 NOTE

Check Details

Version: 1.0-1
Check: R code for possible problems
Result: NOTE
    abs_dif: no visible global function definition for 'as.formula'
    env_dif: no visible global function definition for 'lm'
    env_dif: no visible global function definition for 'as.formula'
    env_dif_logistic: no visible global function definition for
     'as.formula'
    fam_env: no visible global function definition for 'as.formula'
    log_dif: no visible global function definition for 'as.formula'
    Undefined global functions or variables:
     as.formula lm
    Consider adding
     importFrom("stats", "as.formula", "lm")
    to your NAMESPACE file.
Flavors: r-devel-linux-x86_64-debian-clang, r-devel-linux-x86_64-debian-gcc, r-devel-linux-x86_64-fedora-clang, r-devel-linux-x86_64-fedora-gcc, r-devel-windows-ix86+x86_64, r-patched-linux-x86_64, r-patched-solaris-x86, r-release-linux-x86_64, r-release-windows-ix86+x86_64, r-release-osx-x86_64, r-oldrel-windows-ix86+x86_64, r-oldrel-osx-x86_64