CRAN Package Check Results for Package nCopula

Last updated on 2019-12-06 00:50:02 CET.

Flavor Version Tinstall Tcheck Ttotal Status Flags
r-devel-linux-x86_64-debian-clang 0.1.1 9.04 70.18 79.22 OK
r-devel-linux-x86_64-debian-gcc 0.1.1 9.47 56.72 66.19 OK
r-devel-linux-x86_64-fedora-clang 0.1.1 89.42 NOTE
r-devel-linux-x86_64-fedora-gcc 0.1.1 92.04 NOTE
r-devel-windows-ix86+x86_64 0.1.1 16.00 97.00 113.00 OK
r-devel-windows-ix86+x86_64-gcc8 0.1.1 16.00 116.00 132.00 OK
r-patched-linux-x86_64 0.1.1 8.56 63.58 72.14 OK
r-patched-solaris-x86 0.1.1 141.20 NOTE
r-release-linux-x86_64 0.1.1 9.41 63.26 72.67 OK
r-release-windows-ix86+x86_64 0.1.1 25.00 78.00 103.00 OK
r-release-osx-x86_64 0.1.1 NOTE
r-oldrel-windows-ix86+x86_64 0.1.1 10.00 68.00 78.00 OK
r-oldrel-osx-x86_64 0.1.1 NOTE

Check Details

Version: 0.1.1
Check: dependencies in R code
Result: NOTE
    Namespaces in Imports field not imported from:
     ‘Deriv’ ‘compiler’ ‘stringi’
     All declared Imports should be used.
Flavors: r-devel-linux-x86_64-fedora-clang, r-devel-linux-x86_64-fedora-gcc, r-patched-solaris-x86, r-release-osx-x86_64, r-oldrel-osx-x86_64