CRAN Package Check Results for Package nCopula

Last updated on 2019-08-17 00:51:17 CEST.

Flavor Version Tinstall Tcheck Ttotal Status Flags
r-devel-linux-x86_64-debian-clang 0.1.1 8.21 63.81 72.02 OK
r-devel-linux-x86_64-debian-gcc 0.1.1 7.54 52.32 59.86 OK
r-devel-linux-x86_64-fedora-clang 0.1.1 88.02 NOTE
r-devel-linux-x86_64-fedora-gcc 0.1.1 86.24 NOTE
r-devel-windows-ix86+x86_64 0.1.1 26.00 100.00 126.00 OK
r-patched-linux-x86_64 0.1.1 7.80 63.61 71.41 OK
r-patched-solaris-x86 0.1.1 146.40 NOTE
r-release-linux-x86_64 0.1.1 9.49 63.64 73.13 OK
r-release-windows-ix86+x86_64 0.1.1 24.00 98.00 122.00 OK
r-release-osx-x86_64 0.1.1 NOTE
r-oldrel-windows-ix86+x86_64 0.1.1 15.00 88.00 103.00 OK
r-oldrel-osx-x86_64 0.1.1 NOTE

Check Details

Version: 0.1.1
Check: dependencies in R code
Result: NOTE
    Namespaces in Imports field not imported from:
     ‘Deriv’ ‘compiler’ ‘stringi’
     All declared Imports should be used.
Flavors: r-devel-linux-x86_64-fedora-clang, r-devel-linux-x86_64-fedora-gcc, r-patched-solaris-x86, r-release-osx-x86_64, r-oldrel-osx-x86_64