CRAN Package Check Results for Package nCopula

Last updated on 2019-06-26 00:47:35 CEST.

Flavor Version Tinstall Tcheck Ttotal Status Flags
r-devel-linux-x86_64-debian-clang 0.1.1 8.61 63.45 72.06 OK
r-devel-linux-x86_64-debian-gcc 0.1.1 7.31 53.09 60.40 OK
r-devel-linux-x86_64-fedora-clang 0.1.1 87.63 NOTE
r-devel-linux-x86_64-fedora-gcc 0.1.1 85.03 NOTE
r-devel-windows-ix86+x86_64 0.1.1 22.00 76.00 98.00 OK
r-patched-linux-x86_64 0.1.1 9.97 63.99 73.96 OK
r-patched-solaris-x86 0.1.1 140.10 NOTE
r-release-linux-x86_64 0.1.1 8.04 64.04 72.08 OK
r-release-windows-ix86+x86_64 0.1.1 17.00 98.00 115.00 OK
r-release-osx-x86_64 0.1.1 NOTE
r-oldrel-windows-ix86+x86_64 0.1.1 10.00 69.00 79.00 OK
r-oldrel-osx-x86_64 0.1.1 NOTE

Check Details

Version: 0.1.1
Check: dependencies in R code
Result: NOTE
    Namespaces in Imports field not imported from:
     ‘Deriv’ ‘compiler’ ‘stringi’
     All declared Imports should be used.
Flavors: r-devel-linux-x86_64-fedora-clang, r-devel-linux-x86_64-fedora-gcc, r-patched-solaris-x86, r-release-osx-x86_64, r-oldrel-osx-x86_64