Last updated on 2019-12-06 00:50:03 CET.
Flavor | Version | Tinstall | Tcheck | Ttotal | Status | Flags |
---|---|---|---|---|---|---|
r-devel-linux-x86_64-debian-clang | 1.4.1 | 2.90 | 77.09 | 79.99 | OK | |
r-devel-linux-x86_64-debian-gcc | 1.4.1 | 2.39 | 58.22 | 60.61 | OK | |
r-devel-linux-x86_64-fedora-clang | 1.4.1 | 89.09 | NOTE | |||
r-devel-linux-x86_64-fedora-gcc | 1.4.1 | 90.15 | NOTE | |||
r-devel-windows-ix86+x86_64 | 1.4.1 | 7.00 | 117.00 | 124.00 | OK | |
r-devel-windows-ix86+x86_64-gcc8 | 1.4.1 | 7.00 | 138.00 | 145.00 | OK | |
r-patched-linux-x86_64 | 1.4.1 | 2.05 | 71.45 | 73.50 | OK | |
r-patched-solaris-x86 | 1.4.1 | 136.90 | NOTE | |||
r-release-linux-x86_64 | 1.4.1 | 2.19 | 70.99 | 73.18 | OK | |
r-release-windows-ix86+x86_64 | 1.4.1 | 7.00 | 78.00 | 85.00 | OK | |
r-release-osx-x86_64 | 1.4.1 | NOTE | ||||
r-oldrel-windows-ix86+x86_64 | 1.4.1 | 4.00 | 100.00 | 104.00 | OK | |
r-oldrel-osx-x86_64 | 1.4.1 | WARN |
Version: 1.4.1
Check: dependencies in R code
Result: NOTE
Namespace in Imports field not imported from: ‘deSolve’
All declared Imports should be used.
Flavors: r-devel-linux-x86_64-fedora-clang, r-devel-linux-x86_64-fedora-gcc, r-patched-solaris-x86, r-release-osx-x86_64, r-oldrel-osx-x86_64
Version: 1.4.1
Check: re-building of vignette outputs
Result: WARN
Error in re-building vignettes:
...
Warning in engine$weave(file, quiet = quiet, encoding = enc) :
Pandoc (>= 1.12.3) and/or pandoc-citeproc not available. Falling back to R Markdown v1.
Warning in engine$weave(file, quiet = quiet, encoding = enc) :
Pandoc (>= 1.12.3) and/or pandoc-citeproc not available. Falling back to R Markdown v1.
Warning in engine$weave(file, quiet = quiet, encoding = enc) :
Pandoc (>= 1.12.3) and/or pandoc-citeproc not available. Falling back to R Markdown v1.
Warning in engine$weave(file, quiet = quiet, encoding = enc) :
Pandoc (>= 1.12.3) and/or pandoc-citeproc not available. Falling back to R Markdown v1.
Warning in engine$weave(file, quiet = quiet, encoding = enc) :
Pandoc (>= 1.12.3) and/or pandoc-citeproc not available. Falling back to R Markdown v1.
Error: processing vignette 'walkthrough.Rmd' failed with diagnostics:
(converted from warning) Pandoc (>= 1.12.3) and/or pandoc-citeproc not available. Falling back to R Markdown v1.
Execution halted
Flavor: r-oldrel-osx-x86_64