CRAN Package Check Results for Package nat.templatebrains

Last updated on 2019-08-19 00:46:28 CEST.

Flavor Version Tinstall Tcheck Ttotal Status Flags
r-devel-linux-x86_64-debian-clang 0.9 6.08 49.13 55.21 OK
r-devel-linux-x86_64-debian-gcc 0.9 4.64 39.46 44.10 OK
r-devel-linux-x86_64-fedora-clang 0.9 65.07 OK
r-devel-linux-x86_64-fedora-gcc 0.9 62.16 OK
r-devel-windows-ix86+x86_64 0.9 21.00 97.00 118.00 OK
r-patched-linux-x86_64 0.9 5.83 48.87 54.70 OK
r-patched-solaris-x86 0.9 110.10 OK
r-release-linux-x86_64 0.9 5.26 49.07 54.33 OK
r-release-windows-ix86+x86_64 0.9 15.00 62.00 77.00 OK
r-release-osx-x86_64 0.9 WARN
r-oldrel-windows-ix86+x86_64 0.9 14.00 89.00 103.00 OK
r-oldrel-osx-x86_64 0.9 WARN

Check Details

Version: 0.9
Check: whether package can be installed
Result: WARN
    Found the following significant warnings:
     Warning: 'rgl_init' failed, running with rgl.useNULL = TRUE
Flavors: r-release-osx-x86_64, r-oldrel-osx-x86_64

Version: 0.9
Check: S3 generic/method consistency
Result: WARN
    Warning: declared S3 method 'plot3d.templatebrain' not found
    See section ‘Generic functions and methods’ in the ‘Writing R
    Extensions’ manual.
Flavor: r-oldrel-osx-x86_64