CRAN Package Check Results for Package nat.templatebrains

Last updated on 2019-12-16 00:49:01 CET.

Flavor Version Tinstall Tcheck Ttotal Status Flags
r-devel-linux-x86_64-debian-clang 0.9 6.55 54.04 60.59 OK
r-devel-linux-x86_64-debian-gcc 0.9 5.19 43.73 48.92 OK
r-devel-linux-x86_64-fedora-clang 0.9 72.28 OK
r-devel-linux-x86_64-fedora-gcc 0.9 69.46 OK
r-devel-windows-ix86+x86_64 0.9 19.00 103.00 122.00 OK
r-devel-windows-ix86+x86_64-gcc8 0.9 25.00 94.00 119.00 OK
r-patched-linux-x86_64 0.9 5.66 48.82 54.48 OK
r-patched-solaris-x86 0.9 103.60 OK
r-release-linux-x86_64 0.9 5.49 48.97 54.46 OK
r-release-windows-ix86+x86_64 0.9 13.00 70.00 83.00 OK
r-release-osx-x86_64 0.9 WARN
r-oldrel-windows-ix86+x86_64 0.9 8.00 63.00 71.00 OK
r-oldrel-osx-x86_64 0.9 WARN

Check Details

Version: 0.9
Check: whether package can be installed
Result: WARN
    Found the following significant warnings:
     Warning: 'rgl_init' failed, running with rgl.useNULL = TRUE
Flavors: r-release-osx-x86_64, r-oldrel-osx-x86_64

Version: 0.9
Check: S3 generic/method consistency
Result: WARN
    Warning: declared S3 method 'plot3d.templatebrain' not found
    See section ‘Generic functions and methods’ in the ‘Writing R
    Extensions’ manual.
Flavor: r-oldrel-osx-x86_64