CRAN Package Check Results for Package netchain

Last updated on 2019-10-22 00:52:28 CEST.

Flavor Version Tinstall Tcheck Ttotal Status Flags
r-devel-linux-x86_64-debian-clang 0.1.0 17.40 99.62 117.02 OK
r-devel-linux-x86_64-debian-gcc 0.1.0 13.65 68.74 82.39 OK
r-devel-linux-x86_64-fedora-clang 0.1.0 147.15 NOTE
r-devel-linux-x86_64-fedora-gcc 0.1.0 138.23 NOTE
r-devel-windows-ix86+x86_64 0.1.0 37.00 182.00 219.00 OK
r-patched-linux-x86_64 0.1.0 15.85 94.24 110.09 OK
r-patched-solaris-x86 0.1.0 157.00 NOTE
r-release-linux-x86_64 0.1.0 15.77 97.06 112.83 OK
r-release-windows-ix86+x86_64 0.1.0 47.00 242.00 289.00 OK
r-release-osx-x86_64 0.1.0 NOTE
r-oldrel-windows-ix86+x86_64 0.1.0 28.00 173.00 201.00 OK
r-oldrel-osx-x86_64 0.1.0 NOTE

Check Details

Version: 0.1.0
Check: dependencies in R code
Result: NOTE
    Namespaces in Imports field not imported from:
     ‘Matrix’ ‘igraph’
     All declared Imports should be used.
Flavors: r-devel-linux-x86_64-fedora-clang, r-devel-linux-x86_64-fedora-gcc, r-patched-solaris-x86, r-release-osx-x86_64, r-oldrel-osx-x86_64