CRAN Package Check Results for Package netchain

Last updated on 2019-07-16 00:48:17 CEST.

Flavor Version Tinstall Tcheck Ttotal Status Flags
r-devel-linux-x86_64-debian-clang 0.1.0 16.82 98.06 114.88 OK
r-devel-linux-x86_64-debian-gcc 0.1.0 14.10 70.18 84.28 OK
r-devel-linux-x86_64-fedora-clang 0.1.0 140.05 NOTE
r-devel-linux-x86_64-fedora-gcc 0.1.0 137.53 NOTE
r-devel-windows-ix86+x86_64 0.1.0 50.00 172.00 222.00 OK
r-patched-linux-x86_64 0.1.0 14.41 100.86 115.27 OK
r-patched-solaris-x86 0.1.0 162.70 NOTE
r-release-linux-x86_64 0.1.0 15.37 97.18 112.55 OK
r-release-windows-ix86+x86_64 0.1.0 33.00 242.00 275.00 OK
r-release-osx-x86_64 0.1.0 NOTE
r-oldrel-windows-ix86+x86_64 0.1.0 46.00 174.00 220.00 OK
r-oldrel-osx-x86_64 0.1.0 NOTE

Check Details

Version: 0.1.0
Check: dependencies in R code
Result: NOTE
    Namespaces in Imports field not imported from:
     ‘Matrix’ ‘igraph’
     All declared Imports should be used.
Flavors: r-devel-linux-x86_64-fedora-clang, r-devel-linux-x86_64-fedora-gcc, r-patched-solaris-x86, r-release-osx-x86_64, r-oldrel-osx-x86_64