CRAN Package Check Results for Package netdiffuseR

Last updated on 2019-08-17 00:51:17 CEST.

Flavor Version Tinstall Tcheck Ttotal Status Flags
r-devel-linux-x86_64-debian-clang 1.20.2 121.48 304.43 425.91 OK
r-devel-linux-x86_64-debian-gcc 1.20.2 106.30 232.75 339.05 OK
r-devel-linux-x86_64-fedora-clang 1.20.2 539.24 NOTE
r-devel-linux-x86_64-fedora-gcc 1.20.2 555.48 OK
r-devel-windows-ix86+x86_64 1.20.2 348.00 495.00 843.00 NOTE --no-vignettes
r-patched-linux-x86_64 1.20.2 115.52 299.82 415.34 OK
r-patched-solaris-x86 1.20.2 635.70 OK
r-release-linux-x86_64 1.20.2 113.86 298.85 412.71 OK
r-release-windows-ix86+x86_64 1.20.2 352.00 278.00 630.00 NOTE --no-vignettes
r-release-osx-x86_64 1.20.2 NOTE
r-oldrel-windows-ix86+x86_64 1.20.2 328.00 326.00 654.00 NOTE --no-vignettes
r-oldrel-osx-x86_64 1.20.2 NOTE

Check Details

Version: 1.20.2
Check: installed package size
Result: NOTE
     installed size is 10.5Mb
     sub-directories of 1Mb or more:
     doc 2.3Mb
     libs 6.5Mb
Flavors: r-devel-linux-x86_64-fedora-clang, r-release-osx-x86_64, r-oldrel-osx-x86_64

Version: 1.20.2
Flags: --no-vignettes
Check: installed package size
Result: NOTE
     installed size is 6.2Mb
     sub-directories of 1Mb or more:
     doc 2.3Mb
     libs 2.3Mb
Flavors: r-devel-windows-ix86+x86_64, r-release-windows-ix86+x86_64, r-oldrel-windows-ix86+x86_64