CRAN Package Check Results for Package nitrcbot

Last updated on 2019-12-06 00:50:03 CET.

Flavor Version Tinstall Tcheck Ttotal Status Flags
r-devel-linux-x86_64-debian-clang 1.2 5.03 43.84 48.87 NOTE
r-devel-linux-x86_64-debian-gcc 1.2 4.19 33.92 38.11 NOTE
r-devel-linux-x86_64-fedora-clang 1.2 54.92 OK
r-devel-linux-x86_64-fedora-gcc 1.2 54.05 OK
r-devel-windows-ix86+x86_64 1.2 11.00 78.00 89.00 NOTE
r-devel-windows-ix86+x86_64-gcc8 1.2 12.00 93.00 105.00 NOTE
r-patched-linux-x86_64 1.2 4.25 38.83 43.08 OK
r-patched-solaris-x86 1.2 81.10 OK
r-release-linux-x86_64 1.2 4.86 38.76 43.62 OK
r-release-windows-ix86+x86_64 1.2 9.00 55.00 64.00 OK
r-release-osx-x86_64 1.2 OK
r-oldrel-windows-ix86+x86_64 1.2 6.00 91.00 97.00 OK
r-oldrel-osx-x86_64 1.2 OK

Check Details

Version: 1.2
Check: package vignettes
Result: NOTE
    Package vignette with placeholder title 'Vignette Title':
     'nitrcbot.Rmd'
Flavors: r-devel-linux-x86_64-debian-clang, r-devel-linux-x86_64-debian-gcc, r-devel-windows-ix86+x86_64, r-devel-windows-ix86+x86_64-gcc8