CRAN Package Check Results for Package nitrcbot

Last updated on 2019-08-17 00:51:17 CEST.

Flavor Version Tinstall Tcheck Ttotal Status Flags
r-devel-linux-x86_64-debian-clang 1.2 4.28 40.36 44.64 NOTE
r-devel-linux-x86_64-debian-gcc 1.2 4.14 31.52 35.66 NOTE
r-devel-linux-x86_64-fedora-clang 1.2 53.13 OK
r-devel-linux-x86_64-fedora-gcc 1.2 50.36 OK
r-devel-windows-ix86+x86_64 1.2 14.00 84.00 98.00 NOTE
r-patched-linux-x86_64 1.2 4.61 38.88 43.49 OK
r-patched-solaris-x86 1.2 83.90 OK
r-release-linux-x86_64 1.2 4.48 38.84 43.32 OK
r-release-windows-ix86+x86_64 1.2 16.00 74.00 90.00 OK
r-release-osx-x86_64 1.2 OK
r-oldrel-windows-ix86+x86_64 1.2 13.00 73.00 86.00 OK
r-oldrel-osx-x86_64 1.2 OK

Check Details

Version: 1.2
Check: package vignettes
Result: NOTE
    Package vignette with placeholder title 'Vignette Title':
     'nitrcbot.Rmd'
Flavors: r-devel-linux-x86_64-debian-clang, r-devel-linux-x86_64-debian-gcc, r-devel-windows-ix86+x86_64