CRAN Package Check Results for Package nlrx

Last updated on 2019-10-23 00:47:57 CEST.

Flavor Version Tinstall Tcheck Ttotal Status Flags
r-devel-linux-x86_64-debian-clang 0.3.0 5.31 60.02 65.33 OK
r-devel-linux-x86_64-debian-gcc 0.3.0 4.74 46.77 51.51 OK
r-devel-linux-x86_64-fedora-clang 0.3.0 79.35 OK
r-devel-linux-x86_64-fedora-gcc 0.3.0 77.05 OK
r-devel-windows-ix86+x86_64 0.3.0 12.00 81.00 93.00 OK
r-patched-linux-x86_64 0.3.0 4.59 58.86 63.45 OK
r-patched-solaris-x86 0.3.0 98.70 ERROR
r-release-linux-x86_64 0.3.0 5.99 58.25 64.24 OK
r-release-windows-ix86+x86_64 0.3.0 17.00 111.00 128.00 OK
r-release-osx-x86_64 0.3.0 ERROR
r-oldrel-windows-ix86+x86_64 0.3.0 14.00 99.00 113.00 OK
r-oldrel-osx-x86_64 0.3.0 ERROR

Check Details

Version: 0.3.0
Check: examples
Result: ERROR
    Running examples in ‘nlrx-Ex.R’ failed
    The error most likely occurred in:
    
    > ### Name: nldoc
    > ### Title: Create NetLogo documentation
    > ### Aliases: nldoc
    >
    > ### ** Examples
    >
    >
    > # List model files (.nls subfiles are also supported)
    > modelfiles <- c("https://raw.githubusercontent.com/nldoc/nldoc_pg/master/WSP.nlogo",
    + "https://raw.githubusercontent.com/nldoc/nldoc_pg/master/WSP.nls")
    >
    > # Define output directory:
    > outdir <- tempdir() # adjust path to your needs
    >
    > # Create documentation:
    > nldoc(modelfiles = modelfiles,
    + infotab=TRUE,
    + gui=TRUE,
    + bs=TRUE,
    + outpath = outdir,
    + output_format = "html",
    + number_sections = TRUE,
    + theme = "cosmo",
    + date = date(),
    + toc = TRUE)
    Error: pandoc version 1.12.3 or higher is required and was not found (see the help page ?rmarkdown::pandoc_available).
    Execution halted
Flavors: r-patched-solaris-x86, r-release-osx-x86_64, r-oldrel-osx-x86_64