CRAN Package Check Results for Package nodeHarvest

Last updated on 2019-08-19 00:46:28 CEST.

Flavor Version Tinstall Tcheck Ttotal Status Flags
r-devel-linux-x86_64-debian-clang 0.7-3 2.70 23.30 26.00 NOTE
r-devel-linux-x86_64-debian-gcc 0.7-3 2.11 18.91 21.02 NOTE
r-devel-linux-x86_64-fedora-clang 0.7-3 33.28 NOTE
r-devel-linux-x86_64-fedora-gcc 0.7-3 30.25 NOTE
r-devel-windows-ix86+x86_64 0.7-3 8.00 54.00 62.00 NOTE
r-patched-linux-x86_64 0.7-3 2.46 23.24 25.70 NOTE
r-patched-solaris-x86 0.7-3 48.50 NOTE
r-release-linux-x86_64 0.7-3 2.05 23.22 25.27 NOTE
r-release-windows-ix86+x86_64 0.7-3 5.00 37.00 42.00 NOTE
r-release-osx-x86_64 0.7-3 NOTE
r-oldrel-windows-ix86+x86_64 0.7-3 5.00 51.00 56.00 NOTE
r-oldrel-osx-x86_64 0.7-3 NOTE

Check Details

Version: 0.7-3
Check: R code for possible problems
Result: NOTE
    makeRules: no visible global function definition for 'sd'
    makeRules: no visible global function definition for 'rnorm'
    nodeHarvest: no visible global function definition for 'capture.output'
    nodeHarvest: no visible global function definition for 'lm'
    nodeHarvest: no visible global function definition for 'coef'
    plot.nodeHarvest: no visible global function definition for 'rgb'
    Undefined global functions or variables:
     capture.output coef lm rgb rnorm sd
    Consider adding
     importFrom("grDevices", "rgb")
     importFrom("stats", "coef", "lm", "rnorm", "sd")
     importFrom("utils", "capture.output")
    to your NAMESPACE file.
Flavors: r-devel-linux-x86_64-debian-clang, r-devel-linux-x86_64-debian-gcc, r-devel-linux-x86_64-fedora-clang, r-devel-linux-x86_64-fedora-gcc, r-devel-windows-ix86+x86_64, r-patched-linux-x86_64, r-patched-solaris-x86, r-release-linux-x86_64, r-release-windows-ix86+x86_64, r-release-osx-x86_64, r-oldrel-windows-ix86+x86_64, r-oldrel-osx-x86_64