CRAN Package Check Results for Package nycflights13

Last updated on 2019-10-22 00:52:28 CEST.

Flavor Version Tinstall Tcheck Ttotal Status Flags
r-devel-linux-x86_64-debian-clang 1.0.1 9.51 29.68 39.19 OK
r-devel-linux-x86_64-debian-gcc 1.0.1 10.26 24.78 35.04 OK
r-devel-linux-x86_64-fedora-clang 1.0.1 53.25 NOTE
r-devel-linux-x86_64-fedora-gcc 1.0.1 53.24 OK
r-devel-windows-ix86+x86_64 1.0.1 18.00 56.00 74.00 NOTE
r-patched-linux-x86_64 1.0.1 10.89 28.44 39.33 OK
r-patched-solaris-x86 1.0.1 80.70 NOTE
r-release-linux-x86_64 1.0.1 10.59 29.12 39.71 OK
r-release-windows-ix86+x86_64 1.0.1 22.00 41.00 63.00 NOTE
r-release-osx-x86_64 1.0.1 NOTE
r-oldrel-windows-ix86+x86_64 1.0.1 11.00 39.00 50.00 NOTE
r-oldrel-osx-x86_64 1.0.1 NOTE

Check Details

Version: 1.0.1
Check: installed package size
Result: NOTE
     installed size is 7.0Mb
     sub-directories of 1Mb or more:
     data 6.9Mb
Flavors: r-devel-linux-x86_64-fedora-clang, r-devel-windows-ix86+x86_64, r-patched-solaris-x86, r-release-windows-ix86+x86_64, r-release-osx-x86_64, r-oldrel-windows-ix86+x86_64, r-oldrel-osx-x86_64