CRAN Package Check Results for Package nycflights13

Last updated on 2019-07-16 00:48:18 CEST.

Flavor Version Tinstall Tcheck Ttotal Status Flags
r-devel-linux-x86_64-debian-clang 1.0.0 10.00 30.13 40.13 OK
r-devel-linux-x86_64-debian-gcc 1.0.0 10.75 24.59 35.34 OK
r-devel-linux-x86_64-fedora-clang 1.0.0 52.99 NOTE
r-devel-linux-x86_64-fedora-gcc 1.0.0 49.94 OK
r-devel-windows-ix86+x86_64 1.0.0 23.00 41.00 64.00 NOTE
r-patched-linux-x86_64 1.0.0 11.67 29.04 40.71 OK
r-patched-solaris-x86 1.0.0 85.70 NOTE
r-release-linux-x86_64 1.0.0 9.64 29.61 39.25 OK
r-release-windows-ix86+x86_64 1.0.0 13.00 59.00 72.00 NOTE
r-release-osx-x86_64 1.0.0 NOTE
r-oldrel-windows-ix86+x86_64 1.0.0 18.00 60.00 78.00 NOTE
r-oldrel-osx-x86_64 1.0.0 NOTE

Check Details

Version: 1.0.0
Check: installed package size
Result: NOTE
     installed size is 7.0Mb
     sub-directories of 1Mb or more:
     data 6.9Mb
Flavors: r-devel-linux-x86_64-fedora-clang, r-devel-windows-ix86+x86_64, r-patched-solaris-x86, r-release-windows-ix86+x86_64, r-release-osx-x86_64, r-oldrel-windows-ix86+x86_64, r-oldrel-osx-x86_64