CRAN Package Check Results for Package odpc

Last updated on 2019-06-20 00:50:55 CEST.

Flavor Version Tinstall Tcheck Ttotal Status Flags
r-devel-linux-x86_64-debian-clang 2.0.1 36.01 53.06 89.07 NOTE --no-tests
r-devel-linux-x86_64-debian-gcc 2.0.1 28.89 41.59 70.48 NOTE --no-tests
r-devel-linux-x86_64-fedora-clang 2.0.1 176.87 NOTE
r-devel-linux-x86_64-fedora-gcc 2.0.1 174.63 NOTE
r-devel-windows-ix86+x86_64 2.0.1 74.00 274.00 348.00 NOTE
r-patched-linux-x86_64 2.0.1 37.11 51.20 88.31 OK --no-tests
r-patched-solaris-x86 2.0.1 259.00 OK
r-release-linux-x86_64 2.0.1 35.43 51.69 87.12 OK --no-tests
r-release-windows-ix86+x86_64 2.0.1 92.00 271.00 363.00 OK
r-release-osx-x86_64 2.0.1 OK
r-oldrel-windows-ix86+x86_64 2.0.1 56.00 274.00 330.00 OK
r-oldrel-osx-x86_64 2.0.1 OK

Check Details

Version: 2.0.1
Flags: --no-tests
Check: use of PKG_*FLAGS in Makefiles
Result: NOTE
     PKG_CFLAGS set in 'src/Makevars.in' without any corresponding files
Flavors: r-devel-linux-x86_64-debian-clang, r-devel-linux-x86_64-debian-gcc

Version: 2.0.1
Check: use of PKG_*FLAGS in Makefiles
Result: NOTE
     PKG_CFLAGS set in ‘src/Makevars’ without any corresponding files
     PKG_CFLAGS set in ‘src/Makevars.in’ without any corresponding files
Flavors: r-devel-linux-x86_64-fedora-clang, r-devel-linux-x86_64-fedora-gcc

Version: 2.0.1
Check: use of PKG_*FLAGS in Makefiles
Result: NOTE
     PKG_CFLAGS set in 'src/Makevars.in' without any corresponding files
Flavor: r-devel-windows-ix86+x86_64