CRAN Package Check Results for Package odpc

Last updated on 2019-09-17 00:49:20 CEST.

Flavor Version Tinstall Tcheck Ttotal Status Flags
r-devel-linux-x86_64-debian-clang 2.0.1 37.62 51.27 88.89 WARN --no-tests
r-devel-linux-x86_64-debian-gcc 2.0.1 WARN --no-tests
r-devel-linux-x86_64-fedora-clang 2.0.1 183.93 WARN
r-devel-linux-x86_64-fedora-gcc 2.0.1 180.86 WARN
r-devel-windows-ix86+x86_64 2.0.1 93.00 270.00 363.00 NOTE
r-patched-linux-x86_64 2.0.1 33.18 49.91 83.09 OK --no-tests
r-patched-solaris-x86 2.0.1 222.90 OK
r-release-linux-x86_64 2.0.1 33.70 51.77 85.47 OK --no-tests
r-release-windows-ix86+x86_64 2.0.1 59.00 208.00 267.00 OK
r-release-osx-x86_64 2.0.1 OK
r-oldrel-windows-ix86+x86_64 2.0.1 89.00 194.00 283.00 OK
r-oldrel-osx-x86_64 2.0.1 OK

Check Details

Version: 2.0.1
Flags: --no-tests
Check: whether package can be installed
Result: WARN
    Found the following significant warnings:
     'config' variable 'CPP' is deprecated
     'config' variable 'CXXCPP' is deprecated
Flavors: r-devel-linux-x86_64-debian-clang, r-devel-linux-x86_64-debian-gcc

Version: 2.0.1
Flags: --no-tests
Check: use of PKG_*FLAGS in Makefiles
Result: NOTE
     PKG_CFLAGS set in 'src/Makevars.in' without any corresponding files
Flavors: r-devel-linux-x86_64-debian-clang, r-devel-linux-x86_64-debian-gcc

Version: 2.0.1
Check: whether package can be installed
Result: WARN
    Found the following significant warnings:
     'config' variable 'CPP' is deprecated
     'config' variable 'CXXCPP' is deprecated
Flavors: r-devel-linux-x86_64-fedora-clang, r-devel-linux-x86_64-fedora-gcc

Version: 2.0.1
Check: use of PKG_*FLAGS in Makefiles
Result: NOTE
     PKG_CFLAGS set in ‘src/Makevars’ without any corresponding files
     PKG_CFLAGS set in ‘src/Makevars.in’ without any corresponding files
Flavors: r-devel-linux-x86_64-fedora-clang, r-devel-linux-x86_64-fedora-gcc

Version: 2.0.1
Check: use of PKG_*FLAGS in Makefiles
Result: NOTE
     PKG_CFLAGS set in 'src/Makevars.in' without any corresponding files
Flavor: r-devel-windows-ix86+x86_64