CRAN Package Check Results for Package okcupiddata

Last updated on 2020-07-11 00:48:56 CEST.

Flavor Version Tinstall Tcheck Ttotal Status Flags
r-devel-linux-x86_64-debian-clang 0.1.0 7.04 22.85 29.89 OK
r-devel-linux-x86_64-debian-gcc 0.1.0 6.56 19.09 25.65 OK
r-devel-linux-x86_64-fedora-clang 0.1.0 46.95 NOTE
r-devel-linux-x86_64-fedora-gcc 0.1.0 37.42 OK
r-devel-windows-ix86+x86_64 0.1.0 11.00 34.00 45.00 OK
r-patched-linux-x86_64 0.1.0 6.94 22.77 29.71 OK
r-patched-solaris-x86 0.1.0 59.20 OK
r-release-linux-x86_64 0.1.0 6.95 23.27 30.22 OK
r-release-osx-x86_64 0.1.0 OK
r-release-windows-ix86+x86_64 0.1.0 13.00 41.00 54.00 OK
r-oldrel-osx-x86_64 0.1.0 OK
r-oldrel-windows-ix86+x86_64 0.1.0 11.00 44.00 55.00 OK

Check Details

Version: 0.1.0
Check: Rd cross-references
Result: NOTE
    Undeclared package ‘lubridate’ in Rd xrefs
Flavor: r-devel-linux-x86_64-fedora-clang